{"id":1008,"date":"2026-01-04T22:49:46","date_gmt":"2026-01-04T21:49:46","guid":{"rendered":"https:\/\/czas.m2web.pl\/?post_type=product&#038;p=1008"},"modified":"2026-01-04T22:50:03","modified_gmt":"2026-01-04T21:50:03","slug":"cartamundi-gra-domino-psi-patrol-62335","status":"publish","type":"product","link":"https:\/\/czas.m2web.pl\/?product=cartamundi-gra-domino-psi-patrol-62335","title":{"rendered":"Cartamundi GRA DOMINO PSI PATROL 62335"},"content":{"rendered":"<section class=\"section\">\n<div class=\"item item-6\">\n<section class=\"image-item\"><img decoding=\"async\" src=\"https:\/\/upload.cdn.baselinker.com\/products\/3029707\/fd790a286cd831202be0b26654d528ba.jpg\"><\/section>\n<\/p><\/div>\n<div class=\"item item-6\">\n<section class=\"text-item\">\n<h1>Cartamundi GRA DOMINO PSI PATROL<\/h1>\n<p>Nr kat.: 62335<\/p>\n<p>Baw si\u0119, ucz i dopasuj postaci z Psiego Patrolu.<\/p>\n<p>Dziecko uczy si\u0119 dopasowywania, rozwi\u0105zywania problem\u00f3w oraz poprawia pami\u0119\u0107 graj\u0105c w domino z ulubionymi bohaterami.<\/p>\n<p><b>Zawarto\u015b\u0107: 28 kostek domino.<\/b><\/p>\n<ul>\n<li>Wiek: 3+.<\/li>\n<li>Liczba graczy: 2-4.<\/li>\n<li>Wymiary opakowania: 20 x 13,5 x 5 cm.<\/li>\n<\/ul>\n<\/section><\/div>\n<\/section>\n<section class=\"section\">\n<div class=\"item item-12\">\n<section class=\"image-item\"><img decoding=\"async\" src=\"https:\/\/upload.cdn.baselinker.com\/products\/3029707\/2691b4369248c7a2aa237bc1cb221422.jpg\"><\/section>\n<\/p><\/div>\n<\/section>\n<section class=\"section\">\n<div class=\"item item-12\">\n<section class=\"image-item\"><img decoding=\"async\" src=\"https:\/\/upload.cdn.baselinker.com\/products\/3029707\/15630e5fde3cf626f78d4e081e7c32b5.jpg\"><\/section>\n<\/p><\/div>\n<\/section>\n<p><strong>Dodatkowe informacje:<\/strong><\/p>\n","protected":false},"excerpt":{"rendered":"<p>Cartamundi GRA DOMINO PSI PATROL Nr kat.: 62335 Baw si\u0119, ucz i dopasuj postaci z Psiego Patrolu. Dziecko uczy si\u0119<\/p>\n","protected":false},"featured_media":1069,"comment_status":"open","ping_status":"closed","template":"","meta":[],"product_brand":[],"product_cat":[16],"product_tag":[],"class_list":{"0":"post-1008","1":"product","2":"type-product","3":"status-publish","4":"has-post-thumbnail","6":"product_cat-import","8":"first","9":"instock","10":"shipping-taxable","11":"purchasable","12":"product-type-simple"},"_links":{"self":[{"href":"https:\/\/czas.m2web.pl\/index.php?rest_route=\/wp\/v2\/product\/1008","targetHints":{"allow":["GET"]}}],"collection":[{"href":"https:\/\/czas.m2web.pl\/index.php?rest_route=\/wp\/v2\/product"}],"about":[{"href":"https:\/\/czas.m2web.pl\/index.php?rest_route=\/wp\/v2\/types\/product"}],"replies":[{"embeddable":true,"href":"https:\/\/czas.m2web.pl\/index.php?rest_route=%2Fwp%2Fv2%2Fcomments&post=1008"}],"version-history":[{"count":0,"href":"https:\/\/czas.m2web.pl\/index.php?rest_route=\/wp\/v2\/product\/1008\/revisions"}],"wp:featuredmedia":[{"embeddable":true,"href":"https:\/\/czas.m2web.pl\/index.php?rest_route=\/wp\/v2\/media\/1069"}],"wp:attachment":[{"href":"https:\/\/czas.m2web.pl\/index.php?rest_route=%2Fwp%2Fv2%2Fmedia&parent=1008"}],"wp:term":[{"taxonomy":"product_brand","embeddable":true,"href":"https:\/\/czas.m2web.pl\/index.php?rest_route=%2Fwp%2Fv2%2Fproduct_brand&post=1008"},{"taxonomy":"product_cat","embeddable":true,"href":"https:\/\/czas.m2web.pl\/index.php?rest_route=%2Fwp%2Fv2%2Fproduct_cat&post=1008"},{"taxonomy":"product_tag","embeddable":true,"href":"https:\/\/czas.m2web.pl\/index.php?rest_route=%2Fwp%2Fv2%2Fproduct_tag&post=1008"}],"curies":[{"name":"wp","href":"https:\/\/api.w.org\/{rel}","templated":true}]}}