{"id":178,"date":"2026-01-04T22:46:46","date_gmt":"2026-01-04T21:46:46","guid":{"rendered":"https:\/\/czas.m2web.pl\/?post_type=product&#038;p=178"},"modified":"2026-01-04T22:47:07","modified_gmt":"2026-01-04T21:47:07","slug":"infantino-trojkat-aktywne-centrum-zabawy-306161","status":"publish","type":"product","link":"https:\/\/czas.m2web.pl\/?product=infantino-trojkat-aktywne-centrum-zabawy-306161","title":{"rendered":"INFANTINO Tr\u00f3jk\u0105t &#8211;  Aktywne centrum zabawy 306161"},"content":{"rendered":"<section class=\"section\">\n<div class=\"item item-6\">\n<section class=\"image-item\">             <img decoding=\"async\" src=\"https:\/\/upload.cdn.baselinker.com\/products\/3029707\/ade23a3eb0f637848752b10ea1c4148c.jpg\" \/>         <\/section>\n<\/p><\/div>\n<div class=\"item item-6\">\n<section class=\"text-item\">\n<h1>INFANTINO Tr\u00f3jk\u0105t &#8211; Aktywne centrum zabawy<\/h1>\n<p>Nr kat.: 306161<\/p>\n<p>Ka\u017cda ze stron tego aktywnego tr\u00f3jk\u0105ta to inny rodzaj zabawy dla Twojej pociechy:<\/p>\n<ul>\n<li>kolorowa spirala z koralikami, kt\u00f3re przesypuj\u0105c si\u0119 przy obracaniu, wydaj\u0105 grzechocz\u0105ce d\u017awi\u0119ki,<\/li>\n<li>kolorowe kulki i inne kszta\u0142ty, kt\u00f3re mo\u017cna obraca\u0107 i przesuwa\u0107,<\/li>\n<li>wiele innych element\u00f3w o r\u00f3\u017cnych fakturach, kt\u00f3re przesuwaj\u0105 si\u0119 i ha\u0142asuj\u0105.<\/li>\n<\/ul>\n<p>Zabawka rozwija zdolno\u015bci manualne dziecka i jest jednocze\u015bnie doskona\u0142\u0105 rozrywk\u0105.<\/p>\n<p>Wiek: 6M+.<\/p>\n<p>Wymiary zabawki: szer. 20 x wys. 17 cm.<\/p>\n<\/section><\/div>\n<\/section>\n<section class=\"section\">\n<div class=\"item item-12\">\n<section class=\"image-item\">             <img decoding=\"async\" src=\"https:\/\/upload.cdn.baselinker.com\/products\/3029707\/ade23a3eb0f637848752b10ea1c4148c.jpg\" \/>         <\/section>\n<\/p><\/div>\n<\/section>\n<section class=\"section\">\n<div class=\"item item-12\">\n<section class=\"image-item\">             <img decoding=\"async\" src=\"https:\/\/upload.cdn.baselinker.com\/products\/3029707\/7327dcfce629e081b0453b2ac0797229.jpg\" \/>         <\/section>\n<\/p><\/div>\n<\/section>\n<section class=\"section\">\n<div class=\"item item-12\">\n<section class=\"image-item\">             <img decoding=\"async\" src=\"https:\/\/upload.cdn.baselinker.com\/products\/3029707\/b31857af86f72e6c5b40f392f1eefa77.jpg\" \/>         <\/section>\n<\/p><\/div>\n<\/section>\n<p><strong>Dodatkowe informacje:<\/strong><\/p>\n<ul>\n<li><strong>Producent: <\/strong>INFANTINO B KIDS INTERNATIONAL LIMITED  Flat\/Rm 1203, 12\/F, East Ocean Centre, 98 Granville Road TST East, Kowloon Hong Kong; customersupport@infantino.com<\/li>\n<li><strong>Podmiot odpowiedzialny za wprowadzenie produktu na rynek europejski:<\/strong>\u00a0Infantino B kids B.V. John M. Keynesplein 12-46 1066EP Amsterdam The Netherlands eu.info@infantino.com<\/li>\n<li><strong>Ostrze\u017cenia na opakowaniu: <\/strong><\/li>\n<li><strong>Instrukcja obs\u0142ugi jest:<\/strong> NIE<\/li>\n<li><strong>Kraj pochodzenia:<\/strong> CHINY<\/li>\n<\/ul>\n","protected":false},"excerpt":{"rendered":"<p>INFANTINO Tr\u00f3jk\u0105t &#8211; Aktywne centrum zabawy Nr kat.: 306161 Ka\u017cda ze stron tego aktywnego tr\u00f3jk\u0105ta to inny rodzaj zabawy dla<\/p>\n","protected":false},"featured_media":292,"comment_status":"open","ping_status":"closed","template":"","meta":[],"product_brand":[],"product_cat":[121,17],"product_tag":[],"class_list":{"0":"post-178","1":"product","2":"type-product","3":"status-publish","4":"has-post-thumbnail","6":"product_cat-aktywne-i-edukacyjne","7":"product_cat-dla-najmlodszych","9":"first","10":"instock","11":"shipping-taxable","12":"purchasable","13":"product-type-simple"},"_links":{"self":[{"href":"https:\/\/czas.m2web.pl\/index.php?rest_route=\/wp\/v2\/product\/178","targetHints":{"allow":["GET"]}}],"collection":[{"href":"https:\/\/czas.m2web.pl\/index.php?rest_route=\/wp\/v2\/product"}],"about":[{"href":"https:\/\/czas.m2web.pl\/index.php?rest_route=\/wp\/v2\/types\/product"}],"replies":[{"embeddable":true,"href":"https:\/\/czas.m2web.pl\/index.php?rest_route=%2Fwp%2Fv2%2Fcomments&post=178"}],"version-history":[{"count":0,"href":"https:\/\/czas.m2web.pl\/index.php?rest_route=\/wp\/v2\/product\/178\/revisions"}],"wp:featuredmedia":[{"embeddable":true,"href":"https:\/\/czas.m2web.pl\/index.php?rest_route=\/wp\/v2\/media\/292"}],"wp:attachment":[{"href":"https:\/\/czas.m2web.pl\/index.php?rest_route=%2Fwp%2Fv2%2Fmedia&parent=178"}],"wp:term":[{"taxonomy":"product_brand","embeddable":true,"href":"https:\/\/czas.m2web.pl\/index.php?rest_route=%2Fwp%2Fv2%2Fproduct_brand&post=178"},{"taxonomy":"product_cat","embeddable":true,"href":"https:\/\/czas.m2web.pl\/index.php?rest_route=%2Fwp%2Fv2%2Fproduct_cat&post=178"},{"taxonomy":"product_tag","embeddable":true,"href":"https:\/\/czas.m2web.pl\/index.php?rest_route=%2Fwp%2Fv2%2Fproduct_tag&post=178"}],"curies":[{"name":"wp","href":"https:\/\/api.w.org\/{rel}","templated":true}]}}