{"id":2175,"date":"2026-01-04T22:54:44","date_gmt":"2026-01-04T21:54:44","guid":{"rendered":"https:\/\/czas.m2web.pl\/?post_type=product&#038;p=2175"},"modified":"2026-01-04T22:54:59","modified_gmt":"2026-01-04T21:54:59","slug":"bburago-woz-strazacki-z-pianinkiem-89033","status":"publish","type":"product","link":"https:\/\/czas.m2web.pl\/?product=bburago-woz-strazacki-z-pianinkiem-89033","title":{"rendered":"BBURAGO W\u00f3z stra\u017cacki z pianinkiem 89033"},"content":{"rendered":"<section class=\"section\">\n<div class=\"item item-6\">\n<section class=\"image-item\"><img decoding=\"async\" src=\"https:\/\/upload.cdn.baselinker.com\/products\/3029707\/21224e91453833b65f233239abb9648b.jpg\"><\/section>\n<\/p><\/div>\n<div class=\"item item-6\">\n<section class=\"text-item\">\n<h1>W\u00f3z stra\u017cacki z pianinkiem<\/h1>\n<p>Bburago 89033<\/p>\n<p>W\u00f3z stra\u017cacki z instrumentem muzycznym. Pianinko w kszta\u0142cie drabiny stra\u017cackiej mo\u017cna odkr\u0119ci\u0107 i u\u017cywa\u0107 osobno.<\/p>\n<p><b>Pianinko dzia\u0142a w 2 trybach:<\/b><\/p>\n<p><b>1) d\u017awi\u0119ki klawiszy &#8211; gdy jest od\u0142\u0105czone od auta.<\/b><\/p>\n<p><b>2) gotowe efekty d\u017awi\u0119kowe: klakson, syrena alarmowa, zapalanie silnika, melodia &#8211; gdy jest zamocowane do auta.<\/b><\/p>\n<p>Wiek: 12-36M.<\/p>\n<p>Wymagane baterie: 2xAAA (zawarte w zestawie).<\/p>\n<p>Wymiary opakowania: 25 x 21,5 x 14,5 cm.<\/p>\n<p>D\u0142ugo\u015b\u0107 auta: 18,5 cm<\/p>\n<\/section><\/div>\n<\/section>\n<section class=\"section\">\n<div class=\"item item-6\">\n<section class=\"image-item\"><img decoding=\"async\" src=\"https:\/\/upload.cdn.baselinker.com\/products\/3029707\/8f176318cf7306c6541ab4b204e50e8e.jpg\"><\/section>\n<\/p><\/div>\n<div class=\"item item-6\">\n<section class=\"image-item\"><img decoding=\"async\" src=\"https:\/\/upload.cdn.baselinker.com\/products\/3029707\/d0caf5447d69ef537b15c490cba34b23.jpg\"><\/section>\n<\/p><\/div>\n<\/section>\n<section class=\"section\">\n<div class=\"item item-12\">\n<section class=\"image-item\"><img decoding=\"async\" src=\"https:\/\/upload.cdn.baselinker.com\/products\/3029707\/7799cb71806585938af5f1018ac24a5d.jpg\"><\/section>\n<\/p><\/div>\n<\/section>\n<section class=\"section\">\n<div class=\"item item-12\">\n<section class=\"image-item\"><img decoding=\"async\" src=\"https:\/\/upload.cdn.baselinker.com\/products\/3029707\/21224e91453833b65f233239abb9648b.jpg\"><\/section>\n<\/p><\/div>\n<\/section>\n<section class=\"section\">\n<div class=\"item item-12\">\n<section class=\"image-item\"><img decoding=\"async\" src=\"https:\/\/upload.cdn.baselinker.com\/products\/3029707\/8d1a57d3c4ea8bc9fb15d67e755633d7.jpg\"><\/section>\n<\/p><\/div>\n<\/section>\n<section class=\"section\">\n<div class=\"item item-12\">\n<section class=\"image-item\"><img decoding=\"async\" src=\"https:\/\/upload.cdn.baselinker.com\/products\/3029707\/73a772aba4d1f68aa188ec3c982733b6.jpg\"><\/section>\n<\/p><\/div>\n<\/section>\n<p><strong>Dodatkowe informacje:<\/strong><\/p>\n<ul>\n<li><strong>Producent: <\/strong>May Cheong Group Limited Unit 901-2, 9\/F, East Ocean Centre,  98 Granville Road, Tsimshatsui East, Kowloon, Hong Kong info@maycheonggroup.com.hk<\/li>\n<li><strong>Podmiot odpowiedzialny za wprowadzenie produktu na rynek europejski:<\/strong>\u00a0Firma Handlowa PULIO Krzysztof Gebel ul. Kolejowa 3 55-040 Bielany Wroc\u0142awskie  tel. +48 71 352 07 80  biuro@pulio.pl  www.pulio.pl<\/li>\n<li><strong>Ostrze\u017cenia na opakowaniu: <\/strong>2 baterie 1,5 V \u201eAAA\u201d LR03\/R03(w zestawie)  \u2022 Baterie s\u0105 dostarczone wy\u0142\u0105cznie do cel\u00f3w demonstracyjnych, a nie do d\u0142ugotrwa\u0142ego u\u017cytku. \u2022 Zalecamy u\u017cywanie baterii alkalicznych. \u2022 Zalecanie akumulatork\u00f3w (\u0142adowalnych baterii) nie jest zalecane. \u2022 Nie nale\u017cy miesza\u0107 starych baterii z nowymi. \u2022 Nie nale\u017cy miesza\u0107 baterii alkalicznych ze zwyk\u0142ymi (w\u0119glowo-cynkowymi) lub akumulatorkami. \u2022 Nale\u017cy zwr\u00f3ci\u0107 uwag\u0119 na prawid\u0142ow\u0105 polaryzacj\u0119 baterii. \u2022 Nie wolno zwiera\u0107 styk\u00f3w zasilania.  OSTRZE\u017bENIE! Wszystkie elementy opakowania, takie jak ta\u015bma, plastikowe elementy, druty i elementy mocuj\u0105ce nie s\u0105 cz\u0119\u015bciami tej zabawki i ze wzgl\u0119du na bezpiecze\u0144stwo dziecka powinny by\u0107 usuni\u0119te. Czy\u015bci\u0107 tylko zewn\u0119trzn\u0105 powierzchni\u0119 zabawki. Czy\u015bci\u0107 wilgotn\u0105 szmatk\u0105. Ten produkt powinien by\u0107 u\u017cywany wy\u0142\u0105cznie pod nadzorem doros\u0142ej osoby. Nale\u017cy zachowa\u0107 t\u0119 instrukcj\u0119 u\u017cytkownika do wykorzystania w przysz\u0142o\u015bci. Zawiera ona istotne informacje. Zastrzegamy sobie prawo do modyfikacji\/modernizacji specyfikacji produktu bez powiadomienia.<\/li>\n<li><strong>Instrukcja obs\u0142ugi jest:<\/strong> Obs\u0142uga baterii 1. Rekomendowane alkaliczne baterie. 2. Nale\u017cy u\u017cywa\u0107 baterii zaleconego typu lub r\u00f3wnowa\u017cnych. 3. Nie nale\u017cy miesza\u0107 ze sob\u0105 r\u00f3\u017cnych typ\u00f3w baterii lub nowych i u\u017cywanych. 4. Nie nale\u017cy miesza\u0107 starych i nowych baterii. 5. Baterie nieprzewidziane do \u0142adowania nie mog\u0105 by\u0107 \u0142adowane. 6. Wymiana oraz \u0142adowanie baterii musi by\u0107 dokonywana przez osoby doros\u0142e. 7. Baterie przewidziane do \u0142adowania nale\u017cy przed \u0142adowaniem wyj\u0105\u0107 z zabawki. 8. Umie\u015b\u0107 baterie zgodnie z polaryzacj\u0105 (+\/-) umieszczon\u0105 na pojemniku baterii. 9. Wyj\u0105\u0107 bateri\u0119 w przypadku nieu\u017cywania zabawki przez d\u0142ugi czas. 10.Wyczerpane baterie nale\u017cy wyj\u0105\u0107 z zabawki i wyrzuci\u0107 do specjalnych pojemnik\u00f3w. 11.Nie wolno zwiera\u0107 zacisk\u00f3w zasilania. 12.Nie wrzuca\u0107 baterii do ognia, mo\u017ce to spowodowa\u0107 ich wybuch lub wyciek powoduj\u0105ce urazy lub uszkodzenia. 13.Wymiana baterii musi by\u0107 dokonywana wy\u0142\u0105cznie przez osoby doros\u0142e.<\/li>\n<li><strong>Kraj pochodzenia:<\/strong> CHINY<\/li>\n<\/ul>\n","protected":false},"excerpt":{"rendered":"<p>W\u00f3z stra\u017cacki z pianinkiem Bburago 89033 W\u00f3z stra\u017cacki z instrumentem muzycznym. Pianinko w kszta\u0142cie drabiny stra\u017cackiej mo\u017cna odkr\u0119ci\u0107 i u\u017cywa\u0107<\/p>\n","protected":false},"featured_media":2263,"comment_status":"open","ping_status":"closed","template":"","meta":[],"product_brand":[],"product_cat":[19,17,20],"product_tag":[],"class_list":{"0":"post-2175","1":"product","2":"type-product","3":"status-publish","4":"has-post-thumbnail","6":"product_cat-dla-chlopca","7":"product_cat-dla-najmlodszych","8":"product_cat-pojazdy","10":"first","11":"instock","12":"shipping-taxable","13":"purchasable","14":"product-type-simple"},"_links":{"self":[{"href":"https:\/\/czas.m2web.pl\/index.php?rest_route=\/wp\/v2\/product\/2175","targetHints":{"allow":["GET"]}}],"collection":[{"href":"https:\/\/czas.m2web.pl\/index.php?rest_route=\/wp\/v2\/product"}],"about":[{"href":"https:\/\/czas.m2web.pl\/index.php?rest_route=\/wp\/v2\/types\/product"}],"replies":[{"embeddable":true,"href":"https:\/\/czas.m2web.pl\/index.php?rest_route=%2Fwp%2Fv2%2Fcomments&post=2175"}],"version-history":[{"count":0,"href":"https:\/\/czas.m2web.pl\/index.php?rest_route=\/wp\/v2\/product\/2175\/revisions"}],"wp:featuredmedia":[{"embeddable":true,"href":"https:\/\/czas.m2web.pl\/index.php?rest_route=\/wp\/v2\/media\/2263"}],"wp:attachment":[{"href":"https:\/\/czas.m2web.pl\/index.php?rest_route=%2Fwp%2Fv2%2Fmedia&parent=2175"}],"wp:term":[{"taxonomy":"product_brand","embeddable":true,"href":"https:\/\/czas.m2web.pl\/index.php?rest_route=%2Fwp%2Fv2%2Fproduct_brand&post=2175"},{"taxonomy":"product_cat","embeddable":true,"href":"https:\/\/czas.m2web.pl\/index.php?rest_route=%2Fwp%2Fv2%2Fproduct_cat&post=2175"},{"taxonomy":"product_tag","embeddable":true,"href":"https:\/\/czas.m2web.pl\/index.php?rest_route=%2Fwp%2Fv2%2Fproduct_tag&post=2175"}],"curies":[{"name":"wp","href":"https:\/\/api.w.org\/{rel}","templated":true}]}}