{"id":2927,"date":"2026-01-04T22:57:35","date_gmt":"2026-01-04T21:57:35","guid":{"rendered":"https:\/\/czas.m2web.pl\/?post_type=product&#038;p=2927"},"modified":"2026-01-04T22:57:44","modified_gmt":"2026-01-04T21:57:44","slug":"ceramiczny-kubek-325-ml-swinka-peppa-482606","status":"publish","type":"product","link":"https:\/\/czas.m2web.pl\/?product=ceramiczny-kubek-325-ml-swinka-peppa-482606","title":{"rendered":"Ceramiczny kubek 325 ml \u015awinka Peppa 482606"},"content":{"rendered":"<section class=\"section\">\n<div class=\"item item-6\">\n<section class=\"image-item\"><img decoding=\"async\" src=\"https:\/\/upload.cdn.baselinker.com\/products\/3029707\/4738b21bb2f9a434627ad1b43ef39234.jpg\"><\/section>\n<\/p><\/div>\n<div class=\"item item-6\">\n<section class=\"text-item\">\n<h1>Ceramiczny kubek 325 ml \u015awinka Peppa<\/h1>\n<p>Diakakis 482606<\/p>\n<p>Kubek ceramiczny o pojemno\u015bci 325 ml z ulubion\u0105 postaci\u0105 z bajki.<\/p>\n<p>Mo\u017cna u\u017cywa\u0107 w mikrofal\u00f3wce.<\/p>\n<p>Zapakowany jest w ozdobne opakowanie. Doskona\u0142y na prezent.<\/p>\n<p>Wymiary opakowania: 11,5 x 10,5 x 8,5 cm.<\/p>\n<p>Wiek: 8+.<\/p>\n<\/section><\/div>\n<\/section>\n<section class=\"section\">\n<div class=\"item item-6\">\n<section class=\"image-item\"><img decoding=\"async\" src=\"https:\/\/upload.cdn.baselinker.com\/products\/3029707\/be0b5ba8310b09d0ca39627d694e0a12.jpg\"><\/section>\n<\/p><\/div>\n<div class=\"item item-6\">\n<section class=\"image-item\"><img decoding=\"async\" src=\"https:\/\/upload.cdn.baselinker.com\/products\/3029707\/b34780e4af73afe2166bfd65b654e485.jpg\"><\/section>\n<\/p><\/div>\n<\/section>\n<section class=\"section\">\n<div class=\"item item-12\">\n<section class=\"image-item\"><img decoding=\"async\" src=\"https:\/\/upload.cdn.baselinker.com\/products\/3029707\/4738b21bb2f9a434627ad1b43ef39234.jpg\"><\/section>\n<\/p><\/div>\n<\/section>\n<p><strong>Dodatkowe informacje:<\/strong><\/p>\n","protected":false},"excerpt":{"rendered":"<p>Ceramiczny kubek 325 ml \u015awinka Peppa Diakakis 482606 Kubek ceramiczny o pojemno\u015bci 325 ml z ulubion\u0105 postaci\u0105 z bajki. Mo\u017cna<\/p>\n","protected":false},"featured_media":2974,"comment_status":"open","ping_status":"closed","template":"","meta":[],"product_brand":[],"product_cat":[16],"product_tag":[],"class_list":{"0":"post-2927","1":"product","2":"type-product","3":"status-publish","4":"has-post-thumbnail","6":"product_cat-import","8":"first","9":"instock","10":"shipping-taxable","11":"purchasable","12":"product-type-simple"},"_links":{"self":[{"href":"https:\/\/czas.m2web.pl\/index.php?rest_route=\/wp\/v2\/product\/2927","targetHints":{"allow":["GET"]}}],"collection":[{"href":"https:\/\/czas.m2web.pl\/index.php?rest_route=\/wp\/v2\/product"}],"about":[{"href":"https:\/\/czas.m2web.pl\/index.php?rest_route=\/wp\/v2\/types\/product"}],"replies":[{"embeddable":true,"href":"https:\/\/czas.m2web.pl\/index.php?rest_route=%2Fwp%2Fv2%2Fcomments&post=2927"}],"version-history":[{"count":0,"href":"https:\/\/czas.m2web.pl\/index.php?rest_route=\/wp\/v2\/product\/2927\/revisions"}],"wp:featuredmedia":[{"embeddable":true,"href":"https:\/\/czas.m2web.pl\/index.php?rest_route=\/wp\/v2\/media\/2974"}],"wp:attachment":[{"href":"https:\/\/czas.m2web.pl\/index.php?rest_route=%2Fwp%2Fv2%2Fmedia&parent=2927"}],"wp:term":[{"taxonomy":"product_brand","embeddable":true,"href":"https:\/\/czas.m2web.pl\/index.php?rest_route=%2Fwp%2Fv2%2Fproduct_brand&post=2927"},{"taxonomy":"product_cat","embeddable":true,"href":"https:\/\/czas.m2web.pl\/index.php?rest_route=%2Fwp%2Fv2%2Fproduct_cat&post=2927"},{"taxonomy":"product_tag","embeddable":true,"href":"https:\/\/czas.m2web.pl\/index.php?rest_route=%2Fwp%2Fv2%2Fproduct_tag&post=2927"}],"curies":[{"name":"wp","href":"https:\/\/api.w.org\/{rel}","templated":true}]}}