{"id":3441,"date":"2026-01-04T22:59:41","date_gmt":"2026-01-04T21:59:41","guid":{"rendered":"https:\/\/czas.m2web.pl\/?post_type=product&#038;p=3441"},"modified":"2026-01-04T23:00:05","modified_gmt":"2026-01-04T22:00:05","slug":"giga-blok-5w1-kolorowanka-pidzamersi-kredki-farby","status":"publish","type":"product","link":"https:\/\/czas.m2web.pl\/?product=giga-blok-5w1-kolorowanka-pidzamersi-kredki-farby","title":{"rendered":"Giga Blok 5w1 Kolorowanka Pid\u017camersi kredki, farby"},"content":{"rendered":"<section class=\"section\">\n<div class=\"item item-6\">\n<section class=\"image-item\"><img decoding=\"async\" src=\"https:\/\/upload.cdn.baselinker.com\/products\/3029707\/2d88c1e8b4ae2b2bf3367ec1d5b84657.jpg\"><\/section>\n<\/p><\/div>\n<div class=\"item item-6\">\n<section class=\"text-item\">\n<h1>Giga Blok Kolorowanka &#8211; Pid\u017camersi<\/h1>\n<p>AS 62711N<\/p>\n<p>Giga blok z du\u017cymi kolorowankami i akcesoriami do rysowania dla najm\u0142odszych.<\/p>\n<p>Obrazki do kolorowania s\u0105 du\u017ce i wyra\u017ane.<\/p>\n<p>W zestawie: 30 kartek z obrazkami do kolorowania, 6 kredek o\u0142\u00f3wkowych, 5 farbek akwarelowych z p\u0119dzelkiem, 8 kredek \u015bwiecowych, arkusz kolorowych naklejek oraz kilka czystych kartek do samodzielnego tworzenia.<\/p>\n<ul>\n<li>Wymiary bloku: 43,5 x 41,5 cm.<\/li>\n<li>Wymiary kartek do kolorowania: 35,5 x 41,5 cm.<\/li>\n<li>Wiek: 3+.<\/li>\n<\/ul>\n<\/section><\/div>\n<\/section>\n<section class=\"section\">\n<div class=\"item item-12\">\n<section class=\"image-item\"><img decoding=\"async\" src=\"https:\/\/upload.cdn.baselinker.com\/products\/3029707\/1a93e76a3a66d4e272157c402d0546cb.jpg\"><\/section>\n<\/p><\/div>\n<\/section>\n<section class=\"section\">\n<div class=\"item item-12\">\n<section class=\"image-item\"><img decoding=\"async\" src=\"https:\/\/upload.cdn.baselinker.com\/products\/3029707\/2da3d933a84eb75f26664aba9b5fc051.jpg\"><\/section>\n<\/p><\/div>\n<\/section>\n<section class=\"section\">\n<div class=\"item item-12\">\n<section class=\"image-item\"><img decoding=\"async\" src=\"https:\/\/upload.cdn.baselinker.com\/products\/3029707\/2d88c1e8b4ae2b2bf3367ec1d5b84657.jpg\"><\/section>\n<\/p><\/div>\n<\/section>\n<p><strong>Dodatkowe informacje:<\/strong><\/p>\n","protected":false},"excerpt":{"rendered":"<p>Giga Blok Kolorowanka &#8211; Pid\u017camersi AS 62711N Giga blok z du\u017cymi kolorowankami i akcesoriami do rysowania dla najm\u0142odszych. Obrazki do<\/p>\n","protected":false},"featured_media":3528,"comment_status":"open","ping_status":"closed","template":"","meta":[],"product_brand":[],"product_cat":[16],"product_tag":[],"class_list":{"0":"post-3441","1":"product","2":"type-product","3":"status-publish","4":"has-post-thumbnail","6":"product_cat-import","8":"first","9":"instock","10":"shipping-taxable","11":"purchasable","12":"product-type-simple"},"_links":{"self":[{"href":"https:\/\/czas.m2web.pl\/index.php?rest_route=\/wp\/v2\/product\/3441","targetHints":{"allow":["GET"]}}],"collection":[{"href":"https:\/\/czas.m2web.pl\/index.php?rest_route=\/wp\/v2\/product"}],"about":[{"href":"https:\/\/czas.m2web.pl\/index.php?rest_route=\/wp\/v2\/types\/product"}],"replies":[{"embeddable":true,"href":"https:\/\/czas.m2web.pl\/index.php?rest_route=%2Fwp%2Fv2%2Fcomments&post=3441"}],"version-history":[{"count":0,"href":"https:\/\/czas.m2web.pl\/index.php?rest_route=\/wp\/v2\/product\/3441\/revisions"}],"wp:featuredmedia":[{"embeddable":true,"href":"https:\/\/czas.m2web.pl\/index.php?rest_route=\/wp\/v2\/media\/3528"}],"wp:attachment":[{"href":"https:\/\/czas.m2web.pl\/index.php?rest_route=%2Fwp%2Fv2%2Fmedia&parent=3441"}],"wp:term":[{"taxonomy":"product_brand","embeddable":true,"href":"https:\/\/czas.m2web.pl\/index.php?rest_route=%2Fwp%2Fv2%2Fproduct_brand&post=3441"},{"taxonomy":"product_cat","embeddable":true,"href":"https:\/\/czas.m2web.pl\/index.php?rest_route=%2Fwp%2Fv2%2Fproduct_cat&post=3441"},{"taxonomy":"product_tag","embeddable":true,"href":"https:\/\/czas.m2web.pl\/index.php?rest_route=%2Fwp%2Fv2%2Fproduct_tag&post=3441"}],"curies":[{"name":"wp","href":"https:\/\/api.w.org\/{rel}","templated":true}]}}