{"id":3607,"date":"2026-01-04T23:00:23","date_gmt":"2026-01-04T22:00:23","guid":{"rendered":"https:\/\/czas.m2web.pl\/?post_type=product&#038;p=3607"},"modified":"2026-01-04T23:00:54","modified_gmt":"2026-01-04T22:00:54","slug":"b-kids-slimaczek-sortowniczek-3-pileczki-4882n","status":"publish","type":"product","link":"https:\/\/czas.m2web.pl\/?product=b-kids-slimaczek-sortowniczek-3-pileczki-4882n","title":{"rendered":"B-Kids \u015alimaczek sortowniczek + 3 pi\u0142eczki 4882N"},"content":{"rendered":"<section class=\"section\">\n<div class=\"item item-6\">\n<section class=\"image-item\"><img decoding=\"async\" src=\"https:\/\/upload.cdn.baselinker.com\/products\/3029707\/c24ad73381adb1d9567264f6929e9cea.jpg\"><\/section>\n<\/p><\/div>\n<div class=\"item item-6\">\n<section class=\"text-item\">\n<h1>\u015alimaczek sortowniczek<\/h1>\n<p>B-Kids 64882N<\/p>\n<p>Zabawny \u015blimaczek na k\u00f3\u0142kach w jednej chwili mo\u017ce przemieni\u0107 si\u0119 w sortownik kszta\u0142t\u00f3w lub b\u0119benek! Wyjmowane czu\u0142ki s\u0142u\u017c\u0105 jako pa\u0142eczki do b\u0119benka. Kolorowa zabawka stymuluje zmys\u0142y oraz rozwija sprawno\u015b\u0107 manualn\u0105 dziecka. \u015alimak posiada sznurek, dzi\u0119ki kt\u00f3remu mo\u017cna go ci\u0105gn\u0105\u0107 i zabra\u0107 ze sob\u0105 wsz\u0119dzie.<\/p>\n<ul>\n<li>Wiek: 12M+.<\/li>\n<li>Wymiary opakowania: szer. 25,5 cm x wys. 20 cm.<\/li>\n<li>Wymiary \u015blimaka 20 cm x 18 cm.<\/li>\n<\/ul>\n<\/section><\/div>\n<\/section>\n<section class=\"section\">\n<div class=\"item item-12\">\n<section class=\"image-item\"><img decoding=\"async\" src=\"https:\/\/upload.cdn.baselinker.com\/products\/3029707\/c24ad73381adb1d9567264f6929e9cea.jpg\"><\/section>\n<\/p><\/div>\n<\/section>\n<section class=\"section\">\n<div class=\"item item-6\">\n<section class=\"image-item\"><img decoding=\"async\" src=\"https:\/\/upload.cdn.baselinker.com\/products\/3029707\/1e3f79bf4f9e015f0a3560850d781ec7.jpg\"><\/section>\n<\/p><\/div>\n<div class=\"item item-6\">\n<section class=\"image-item\"><img decoding=\"async\" src=\"https:\/\/upload.cdn.baselinker.com\/products\/3029707\/fb0cfd9b7f1d72563a3e049c3850c95f.jpg\"><\/section>\n<\/p><\/div>\n<\/section>\n<section class=\"section\">\n<div class=\"item item-6\">\n<section class=\"image-item\"><img decoding=\"async\" src=\"https:\/\/upload.cdn.baselinker.com\/products\/3029707\/2c5914a50ac92c1d2b26e3858b8f0971.jpg\"><\/section>\n<\/p><\/div>\n<div class=\"item item-6\">\n<section class=\"image-item\"><img decoding=\"async\" src=\"https:\/\/upload.cdn.baselinker.com\/products\/3029707\/72506226740ce8dca336e2cfb256eead.jpg\"><\/section>\n<\/p><\/div>\n<\/section>\n<section class=\"section\">\n<div class=\"item item-12\">\n<section class=\"image-item\"><img decoding=\"async\" src=\"https:\/\/upload.cdn.baselinker.com\/products\/3029707\/fe27aed7f1a502e343b69c3442a7be2a.jpg\"><\/section>\n<\/p><\/div>\n<\/section>\n<p><strong>Dodatkowe informacje:<\/strong><\/p>\n<ul>\n<li><strong>Producent: <\/strong>INFANTINO B KIDS INTERNATIONAL LIMITED  Flat\/Rm 1203, 12\/F, East Ocean Centre, 98 Granville Road TST East, Kowloon Hong Kong; elsa.chan@infantino.com; sally.ho@infantino.com<\/li>\n<li><strong>Podmiot odpowiedzialny za wprowadzenie produktu na rynek europejski:<\/strong>\u00a0Infantino B kids B.V. John M. Keynesplein 12-46 1066EP Amsterdam The Netherlands eu.info@infantino.com<\/li>\n<li><strong>Ostrze\u017cenia na opakowaniu: <\/strong><\/li>\n<li><strong>Instrukcja obs\u0142ugi jest:<\/strong> NIE<\/li>\n<li><strong>Kraj pochodzenia:<\/strong> CHINY<\/li>\n<\/ul>\n","protected":false},"excerpt":{"rendered":"<p>\u015alimaczek sortowniczek B-Kids 64882N Zabawny \u015blimaczek na k\u00f3\u0142kach w jednej chwili mo\u017ce przemieni\u0107 si\u0119 w sortownik kszta\u0142t\u00f3w lub b\u0119benek! Wyjmowane<\/p>\n","protected":false},"featured_media":3700,"comment_status":"open","ping_status":"closed","template":"","meta":[],"product_brand":[],"product_cat":[16],"product_tag":[],"class_list":{"0":"post-3607","1":"product","2":"type-product","3":"status-publish","4":"has-post-thumbnail","6":"product_cat-import","8":"first","9":"instock","10":"shipping-taxable","11":"purchasable","12":"product-type-simple"},"_links":{"self":[{"href":"https:\/\/czas.m2web.pl\/index.php?rest_route=\/wp\/v2\/product\/3607","targetHints":{"allow":["GET"]}}],"collection":[{"href":"https:\/\/czas.m2web.pl\/index.php?rest_route=\/wp\/v2\/product"}],"about":[{"href":"https:\/\/czas.m2web.pl\/index.php?rest_route=\/wp\/v2\/types\/product"}],"replies":[{"embeddable":true,"href":"https:\/\/czas.m2web.pl\/index.php?rest_route=%2Fwp%2Fv2%2Fcomments&post=3607"}],"version-history":[{"count":0,"href":"https:\/\/czas.m2web.pl\/index.php?rest_route=\/wp\/v2\/product\/3607\/revisions"}],"wp:featuredmedia":[{"embeddable":true,"href":"https:\/\/czas.m2web.pl\/index.php?rest_route=\/wp\/v2\/media\/3700"}],"wp:attachment":[{"href":"https:\/\/czas.m2web.pl\/index.php?rest_route=%2Fwp%2Fv2%2Fmedia&parent=3607"}],"wp:term":[{"taxonomy":"product_brand","embeddable":true,"href":"https:\/\/czas.m2web.pl\/index.php?rest_route=%2Fwp%2Fv2%2Fproduct_brand&post=3607"},{"taxonomy":"product_cat","embeddable":true,"href":"https:\/\/czas.m2web.pl\/index.php?rest_route=%2Fwp%2Fv2%2Fproduct_cat&post=3607"},{"taxonomy":"product_tag","embeddable":true,"href":"https:\/\/czas.m2web.pl\/index.php?rest_route=%2Fwp%2Fv2%2Fproduct_tag&post=3607"}],"curies":[{"name":"wp","href":"https:\/\/api.w.org\/{rel}","templated":true}]}}