{"id":4849,"date":"2026-01-04T23:06:09","date_gmt":"2026-01-04T22:06:09","guid":{"rendered":"https:\/\/czas.m2web.pl\/?post_type=product&#038;p=4849"},"modified":"2026-01-04T23:06:12","modified_gmt":"2026-01-04T22:06:12","slug":"bburago-motocykl-honda-crf450r-1-18-51000","status":"publish","type":"product","link":"https:\/\/czas.m2web.pl\/?product=bburago-motocykl-honda-crf450r-1-18-51000","title":{"rendered":"BBURAGO Motocykl Honda CRF450R 1\/18 51000"},"content":{"rendered":"<section class=\"section\">\n<div class=\"item item-6\">\n<section class=\"image-item\"><\/section>\n<\/p><\/div>\n<div class=\"item item-6\">\n<section class=\"text-item\">\n<h1>BBURAGO Motocykl Honda CRF450R<\/h1>\n<p>Nr kat.: 51000<\/p>\n<p>Skala: 1\/18<\/p>\n<p>Kolor: czerwony<\/p>\n<p><b>Materia\u0142: plastik\/metal\/guma<\/b><\/p>\n<p>Wysokiej jako\u015bci model motocykla marki Bburago.<\/p>\n<p>Charakteryzuje si\u0119 du\u017c\u0105 dba\u0142o\u015bci\u0105 o szczeg\u00f3\u0142y oraz ruchomym zawieszeniem.<\/p>\n<p>Model jest wiernym odwzorowaniem w skali prawdziwego motocykla.<\/p>\n<p><b>Model posiada wysuwan\u0105 n\u00f3\u017ck\u0119, na kt\u00f3rej mo\u017cna go postawi\u0107.<\/b><\/p>\n<p>Wymiary opakowania: szer. 17,5 cm, wys. 11 cm, g\u0142. 7 cm.<\/p>\n<p>Wiek: 3+.<\/p>\n<\/section><\/div>\n<\/section>\n<section class=\"section\">\n<div class=\"item item-12\">\n<section class=\"image-item\"><\/section>\n<\/p><\/div>\n<\/section>\n<p><strong>Dodatkowe informacje:<\/strong><\/p>\n","protected":false},"excerpt":{"rendered":"<p>BBURAGO Motocykl Honda CRF450R Nr kat.: 51000 Skala: 1\/18 Kolor: czerwony Materia\u0142: plastik\/metal\/guma Wysokiej jako\u015bci model motocykla marki Bburago. Charakteryzuje<\/p>\n","protected":false},"featured_media":4881,"comment_status":"open","ping_status":"closed","template":"","meta":[],"product_brand":[],"product_cat":[19,826,124,21],"product_tag":[],"class_list":{"0":"post-4849","1":"product","2":"type-product","3":"status-publish","4":"has-post-thumbnail","6":"product_cat-dla-chlopca","7":"product_cat-modele-118-motocykle","8":"product_cat-motocykle","9":"product_cat-pojazdy-2","11":"first","12":"instock","13":"shipping-taxable","14":"purchasable","15":"product-type-simple"},"_links":{"self":[{"href":"https:\/\/czas.m2web.pl\/index.php?rest_route=\/wp\/v2\/product\/4849","targetHints":{"allow":["GET"]}}],"collection":[{"href":"https:\/\/czas.m2web.pl\/index.php?rest_route=\/wp\/v2\/product"}],"about":[{"href":"https:\/\/czas.m2web.pl\/index.php?rest_route=\/wp\/v2\/types\/product"}],"replies":[{"embeddable":true,"href":"https:\/\/czas.m2web.pl\/index.php?rest_route=%2Fwp%2Fv2%2Fcomments&post=4849"}],"version-history":[{"count":0,"href":"https:\/\/czas.m2web.pl\/index.php?rest_route=\/wp\/v2\/product\/4849\/revisions"}],"wp:featuredmedia":[{"embeddable":true,"href":"https:\/\/czas.m2web.pl\/index.php?rest_route=\/wp\/v2\/media\/4881"}],"wp:attachment":[{"href":"https:\/\/czas.m2web.pl\/index.php?rest_route=%2Fwp%2Fv2%2Fmedia&parent=4849"}],"wp:term":[{"taxonomy":"product_brand","embeddable":true,"href":"https:\/\/czas.m2web.pl\/index.php?rest_route=%2Fwp%2Fv2%2Fproduct_brand&post=4849"},{"taxonomy":"product_cat","embeddable":true,"href":"https:\/\/czas.m2web.pl\/index.php?rest_route=%2Fwp%2Fv2%2Fproduct_cat&post=4849"},{"taxonomy":"product_tag","embeddable":true,"href":"https:\/\/czas.m2web.pl\/index.php?rest_route=%2Fwp%2Fv2%2Fproduct_tag&post=4849"}],"curies":[{"name":"wp","href":"https:\/\/api.w.org\/{rel}","templated":true}]}}