{"id":5407,"date":"2026-01-04T23:08:40","date_gmt":"2026-01-04T22:08:40","guid":{"rendered":"https:\/\/czas.m2web.pl\/?post_type=product&#038;p=5407"},"modified":"2026-01-04T23:09:09","modified_gmt":"2026-01-04T22:09:09","slug":"b-kids-muzyczna-gasieniczka-ze-swiatelkami-315092","status":"publish","type":"product","link":"https:\/\/czas.m2web.pl\/?product=b-kids-muzyczna-gasieniczka-ze-swiatelkami-315092","title":{"rendered":"B-Kids Muzyczna g\u0105sieniczka ze \u015bwiate\u0142kami 315092"},"content":{"rendered":"<section class=\"section\">\n<div class=\"item item-6\">\n<section class=\"image-item\"><img decoding=\"async\" src=\"https:\/\/upload.cdn.baselinker.com\/products\/3029707\/c297f86856017da3377e649a1a725b75.jpg\"><\/section>\n<\/p><\/div>\n<div class=\"item item-6\">\n<section class=\"text-item\">\n<h1>Muzyczna g\u0105sieniczka ze \u015bwiate\u0142kami<\/h1>\n<h1>Infantino 315092<\/h1>\n<p>Ka\u017cdy przycisk otwiera ma\u0142e okienko z niespodziank\u0105!<\/p>\n<p>Po naci\u015bni\u0119ciu lub przekr\u0119ceniu przycisk\u00f3w o r\u00f3\u017cnych kszta\u0142tach dziecko us\u0142yszy \u015bmieszne d\u017awi\u0119ki i melodyjki, a ponumerowane drzwiczki otworz\u0105 si\u0119, pokazuj\u0105c weso\u0142e zwierz\u0105tka. Podczas zabawy zwierz\u0105tka migaj\u0105 kolorowymi \u015bwiate\u0142kami.<\/p>\n<p>Na drzwiczkach znajduj\u0105 si\u0119 cyfry w r\u00f3\u017cnych kolorach, co pomo\u017ce dziecku w ich zapami\u0119tywaniu.<\/p>\n<p>Zabawka w kszta\u0142cie g\u0105sienicy posiada efekty d\u017awi\u0119kowe i \u015bwietlne.<\/p>\n<ul>\n<li>Wiek: 10+.<\/li>\n<li>Wymagane baterie: 2 x 1,5V (w zestawie).<\/li>\n<li>Wymiary opakowania: 33,5 x 20,5 x 7 cm.<\/li>\n<li>Wymiary muzycznej g\u0105sieniczki: 31 x 16,5 cm.<\/li>\n<\/ul>\n<\/section><\/div>\n<\/section>\n<section class=\"section\">\n<div class=\"item item-12\">\n<section class=\"image-item\"><img decoding=\"async\" src=\"https:\/\/upload.cdn.baselinker.com\/products\/3029707\/ec4b8fd2611d4063ab6fc7873920478b.jpg\"><\/section>\n<\/p><\/div>\n<\/section>\n<section class=\"section\">\n<div class=\"item item-6\">\n<section class=\"image-item\"><img decoding=\"async\" src=\"https:\/\/upload.cdn.baselinker.com\/products\/3029707\/592cfbf25dd9f9afd37fc6c12013b328.jpg\"><\/section>\n<\/p><\/div>\n<div class=\"item item-6\">\n<section class=\"image-item\"><img decoding=\"async\" src=\"https:\/\/upload.cdn.baselinker.com\/products\/3029707\/22f1a267918413651617efdc544a7dc7.jpg\"><\/section>\n<\/p><\/div>\n<\/section>\n<section class=\"section\">\n<div class=\"item item-12\">\n<section class=\"image-item\"><img decoding=\"async\" src=\"https:\/\/upload.cdn.baselinker.com\/products\/3029707\/4361f0821baa14fe6c2ebc17bee01db5.jpg\"><\/section>\n<\/p><\/div>\n<\/section>\n<section class=\"section\">\n<div class=\"item item-12\">\n<section class=\"image-item\"><img decoding=\"async\" src=\"https:\/\/upload.cdn.baselinker.com\/products\/3029707\/c297f86856017da3377e649a1a725b75.jpg\"><\/section>\n<\/p><\/div>\n<\/section>\n<p><strong>Dodatkowe informacje:<\/strong><\/p>\n<ul>\n<li><strong>Producent: <\/strong>INFANTINO B KIDS INTERNATIONAL LIMITED  Flat\/Rm 1203, 12\/F, East Ocean Centre, 98 Granville Road TST East, Kowloon Hong Kong; customersupport@infantino.com<\/li>\n<li><strong>Podmiot odpowiedzialny za wprowadzenie produktu na rynek europejski:<\/strong>\u00a0Infantino B kids B.V. John M. Keynesplein 12-46 1066EP Amsterdam The Netherlands eu.info@infantino.com<\/li>\n<li><strong>Ostrze\u017cenia na opakowaniu: <\/strong><\/li>\n<li><strong>Instrukcja obs\u0142ugi jest:<\/strong> NIE<\/li>\n<li><strong>Kraj pochodzenia:<\/strong> CHINY<\/li>\n<\/ul>\n","protected":false},"excerpt":{"rendered":"<p>Muzyczna g\u0105sieniczka ze \u015bwiate\u0142kami Infantino 315092 Ka\u017cdy przycisk otwiera ma\u0142e okienko z niespodziank\u0105! Po naci\u015bni\u0119ciu lub przekr\u0119ceniu przycisk\u00f3w o r\u00f3\u017cnych<\/p>\n","protected":false},"featured_media":5538,"comment_status":"open","ping_status":"closed","template":"","meta":[],"product_brand":[],"product_cat":[16],"product_tag":[],"class_list":{"0":"post-5407","1":"product","2":"type-product","3":"status-publish","4":"has-post-thumbnail","6":"product_cat-import","8":"first","9":"instock","10":"shipping-taxable","11":"purchasable","12":"product-type-simple"},"_links":{"self":[{"href":"https:\/\/czas.m2web.pl\/index.php?rest_route=\/wp\/v2\/product\/5407","targetHints":{"allow":["GET"]}}],"collection":[{"href":"https:\/\/czas.m2web.pl\/index.php?rest_route=\/wp\/v2\/product"}],"about":[{"href":"https:\/\/czas.m2web.pl\/index.php?rest_route=\/wp\/v2\/types\/product"}],"replies":[{"embeddable":true,"href":"https:\/\/czas.m2web.pl\/index.php?rest_route=%2Fwp%2Fv2%2Fcomments&post=5407"}],"version-history":[{"count":0,"href":"https:\/\/czas.m2web.pl\/index.php?rest_route=\/wp\/v2\/product\/5407\/revisions"}],"wp:featuredmedia":[{"embeddable":true,"href":"https:\/\/czas.m2web.pl\/index.php?rest_route=\/wp\/v2\/media\/5538"}],"wp:attachment":[{"href":"https:\/\/czas.m2web.pl\/index.php?rest_route=%2Fwp%2Fv2%2Fmedia&parent=5407"}],"wp:term":[{"taxonomy":"product_brand","embeddable":true,"href":"https:\/\/czas.m2web.pl\/index.php?rest_route=%2Fwp%2Fv2%2Fproduct_brand&post=5407"},{"taxonomy":"product_cat","embeddable":true,"href":"https:\/\/czas.m2web.pl\/index.php?rest_route=%2Fwp%2Fv2%2Fproduct_cat&post=5407"},{"taxonomy":"product_tag","embeddable":true,"href":"https:\/\/czas.m2web.pl\/index.php?rest_route=%2Fwp%2Fv2%2Fproduct_tag&post=5407"}],"curies":[{"name":"wp","href":"https:\/\/api.w.org\/{rel}","templated":true}]}}