{"id":5499,"date":"2026-01-04T23:09:01","date_gmt":"2026-01-04T22:09:01","guid":{"rendered":"https:\/\/czas.m2web.pl\/?post_type=product&#038;p=5499"},"modified":"2026-01-04T23:09:31","modified_gmt":"2026-01-04T22:09:31","slug":"infantino-nosidelko-ergonomiczne-z-kapturkiem-5331","status":"publish","type":"product","link":"https:\/\/czas.m2web.pl\/?product=infantino-nosidelko-ergonomiczne-z-kapturkiem-5331","title":{"rendered":"INFANTINO Noside\u0142ko ergonomiczne z kapturkiem 5331"},"content":{"rendered":"<section class=\"section\">\n<div class=\"item item-6\">\n<section class=\"image-item\"><img decoding=\"async\" src=\"https:\/\/upload.cdn.baselinker.com\/products\/3029707\/bf46c526c09124b07ce6dc06a6d47368.jpg\"><\/section>\n<\/p><\/div>\n<div class=\"item item-6\">\n<section class=\"text-item\">\n<p>Infantino to marka nr #1 w\u015br\u00f3d noside\u0142ek w Stanach Zjednoczonych, na podstawie bada\u0144 IRI w punktach sprzeda\u017cy dla wielu odbiorc\u00f3w w 2016 roku.<\/p>\n<h1>Noside\u0142ko Ergonomiczne z kapturkiem<\/h1>\n<h1>Infantino 5331<\/h1>\n<p>Ergonomiczne, przytulne noside\u0142ko z kapturkiem zosta\u0142o zaprojektowane z my\u015bl\u0105 o wi\u0119kszym komforcie zar\u00f3wno dla doros\u0142ego jak i niemowl\u0119cia. System pask\u00f3w rozprowadza wag\u0119 dziecka w spos\u00f3b zwi\u0119kszaj\u0105cy wygod\u0119 jednocze\u015bnie dla u\u017cytkownika i dziecka.<\/p>\n<p>Noside\u0142ko mo\u017cna u\u017cywa\u0107 na dwa sposoby:<\/p>\n<ul>\n<li>dziecko z przodu (dla niemowlak\u00f3w \u2013 do momentu a\u017c dziecko b\u0119dzie w stanie samodzielnie usi\u0105\u015b\u0107 ca\u0142kowicie prosto).<\/li>\n<li>dziecko z ty\u0142u (do podr\u00f3\u017cowania \u2013 gdy dziecko jest w stanie ca\u0142kowicie usi\u0105\u015b\u0107 samodzielnie).<\/li>\n<\/ul>\n<\/section><\/div>\n<\/section>\n<section class=\"section\">\n<div class=\"item item-6\">\n<section class=\"image-item\"><img decoding=\"async\" src=\"https:\/\/upload.cdn.baselinker.com\/products\/3029707\/c7d5bfd668ef194c10794e72a8d766ce.jpg\"><\/section>\n<\/p><\/div>\n<div class=\"item item-6\">\n<section class=\"text-item\">\n<p>Noside\u0142ko posiada odpinany kapturek z wizerunkiem misia, szerok\u0105 podstaw\u0119 do ochrony ramion dziecka, regulowane paski naramienne oraz\u00a0regulowany pas (66-127 cm).<\/p>\n<p>Przednia kiesze\u0144 na r\u0119ce pozwoli na jeszcze wi\u0119kszy komfort rodzica. Specjalnie zaprojektowany\u00a0kapturek os\u0142oni dziecko ale nie zas\u0142oni widoku.\u00a0<\/p>\n<ul>\n<li>Mo\u017cna pra\u0107 w pralce.<\/li>\n<li>Dopuszczalna waga dziecka: 5,5-18 kg.\u00a0<\/li>\n<li>Wymiary opakowania: 25 x 10 x 25 cm.<\/li>\n<li>Kolor noside\u0142ka: grafitowy.<\/li>\n<li>bardzo popularne w USA<\/li>\n<\/ul>\n<\/section><\/div>\n<\/section>\n<section class=\"section\">\n<div class=\"item item-12\">\n<section class=\"image-item\"><img decoding=\"async\" src=\"https:\/\/upload.cdn.baselinker.com\/products\/3029707\/6ed63aa17d226deccc3d50ba4613c0ed.jpg\"><\/section>\n<\/p><\/div>\n<\/section>\n<section class=\"section\">\n<div class=\"item item-6\">\n<section class=\"image-item\"><img decoding=\"async\" src=\"https:\/\/upload.cdn.baselinker.com\/products\/3029707\/97650021b1d69bce1f9e64ad3440639d.jpg\"><\/section>\n<\/p><\/div>\n<div class=\"item item-6\">\n<section class=\"image-item\"><img decoding=\"async\" src=\"https:\/\/upload.cdn.baselinker.com\/products\/3029707\/ddcbd116f409ab072a98c1cd427e5144.jpg\"><\/section>\n<\/p><\/div>\n<\/section>\n<section class=\"section\">\n<div class=\"item item-6\">\n<section class=\"image-item\"><img decoding=\"async\" src=\"https:\/\/upload.cdn.baselinker.com\/products\/3029707\/5ff27321f3346d77bc2aa6dda0cd5230.jpg\"><\/section>\n<\/p><\/div>\n<div class=\"item item-6\">\n<section class=\"image-item\"><img decoding=\"async\" src=\"https:\/\/upload.cdn.baselinker.com\/products\/3029707\/4aef1166aa496f6da693869ba2724d58.jpg\"><\/section>\n<\/p><\/div>\n<\/section>\n<section class=\"section\">\n<div class=\"item item-6\">\n<section class=\"image-item\"><img decoding=\"async\" src=\"https:\/\/upload.cdn.baselinker.com\/products\/3029707\/a03abc24502d5fe8956e72baea07daca.jpg\"><\/section>\n<\/p><\/div>\n<div class=\"item item-6\">\n<section class=\"image-item\"><img decoding=\"async\" src=\"https:\/\/upload.cdn.baselinker.com\/products\/3029707\/c7d5bfd668ef194c10794e72a8d766ce.jpg\"><\/section>\n<\/p><\/div>\n<\/section>\n<section class=\"section\">\n<div class=\"item item-6\">\n<section class=\"image-item\"><img decoding=\"async\" src=\"https:\/\/upload.cdn.baselinker.com\/products\/3029707\/e608407abedf038af3bdf731512f19d1.jpg\"><\/section>\n<\/p><\/div>\n<div class=\"item item-6\">\n<section class=\"image-item\"><img decoding=\"async\" src=\"https:\/\/upload.cdn.baselinker.com\/products\/3029707\/165e1ae4ca6262801cbb229cc1e71fc8.jpg\"><\/section>\n<\/p><\/div>\n<\/section>\n<p><strong>Dodatkowe informacje:<\/strong><\/p>\n<ul>\n<li><strong>Producent: <\/strong>INFANTINO B KIDS INTERNATIONAL LIMITED  Flat\/Rm 1203, 12\/F, East Ocean Centre, 98 Granville Road TST East, Kowloon Hong Kong; customersupport@infantino.com<\/li>\n<li><strong>Podmiot odpowiedzialny za wprowadzenie produktu na rynek europejski:<\/strong>\u00a0Infantino B kids B.V. John M. Keynesplein 12-46 1066EP Amsterdam The Netherlands eu.info@infantino.com<\/li>\n<li><strong>Ostrze\u017cenia na opakowaniu: <\/strong><\/li>\n<li><strong>Instrukcja obs\u0142ugi jest:<\/strong> NIE<\/li>\n<li><strong>Kraj pochodzenia:<\/strong> CHINY<\/li>\n<\/ul>\n","protected":false},"excerpt":{"rendered":"<p>Infantino to marka nr #1 w\u015br\u00f3d noside\u0142ek w Stanach Zjednoczonych, na podstawie bada\u0144 IRI w punktach sprzeda\u017cy dla wielu odbiorc\u00f3w<\/p>\n","protected":false},"featured_media":5636,"comment_status":"open","ping_status":"closed","template":"","meta":[],"product_brand":[],"product_cat":[17,18],"product_tag":[],"class_list":{"0":"post-5499","1":"product","2":"type-product","3":"status-publish","4":"has-post-thumbnail","6":"product_cat-dla-najmlodszych","7":"product_cat-nosidelka-i-maty","9":"first","10":"instock","11":"shipping-taxable","12":"purchasable","13":"product-type-simple"},"_links":{"self":[{"href":"https:\/\/czas.m2web.pl\/index.php?rest_route=\/wp\/v2\/product\/5499","targetHints":{"allow":["GET"]}}],"collection":[{"href":"https:\/\/czas.m2web.pl\/index.php?rest_route=\/wp\/v2\/product"}],"about":[{"href":"https:\/\/czas.m2web.pl\/index.php?rest_route=\/wp\/v2\/types\/product"}],"replies":[{"embeddable":true,"href":"https:\/\/czas.m2web.pl\/index.php?rest_route=%2Fwp%2Fv2%2Fcomments&post=5499"}],"version-history":[{"count":0,"href":"https:\/\/czas.m2web.pl\/index.php?rest_route=\/wp\/v2\/product\/5499\/revisions"}],"wp:featuredmedia":[{"embeddable":true,"href":"https:\/\/czas.m2web.pl\/index.php?rest_route=\/wp\/v2\/media\/5636"}],"wp:attachment":[{"href":"https:\/\/czas.m2web.pl\/index.php?rest_route=%2Fwp%2Fv2%2Fmedia&parent=5499"}],"wp:term":[{"taxonomy":"product_brand","embeddable":true,"href":"https:\/\/czas.m2web.pl\/index.php?rest_route=%2Fwp%2Fv2%2Fproduct_brand&post=5499"},{"taxonomy":"product_cat","embeddable":true,"href":"https:\/\/czas.m2web.pl\/index.php?rest_route=%2Fwp%2Fv2%2Fproduct_cat&post=5499"},{"taxonomy":"product_tag","embeddable":true,"href":"https:\/\/czas.m2web.pl\/index.php?rest_route=%2Fwp%2Fv2%2Fproduct_tag&post=5499"}],"curies":[{"name":"wp","href":"https:\/\/api.w.org\/{rel}","templated":true}]}}