{"id":5602,"date":"2026-01-04T23:09:22","date_gmt":"2026-01-04T22:09:22","guid":{"rendered":"https:\/\/czas.m2web.pl\/?post_type=product&#038;p=5602"},"modified":"2026-01-04T23:09:52","modified_gmt":"2026-01-04T22:09:52","slug":"aktywna-spiralka-do-wozka-infantino-5364n","status":"publish","type":"product","link":"https:\/\/czas.m2web.pl\/?product=aktywna-spiralka-do-wozka-infantino-5364n","title":{"rendered":"Aktywna spiralka do w\u00f3zka, Infantino 5364N"},"content":{"rendered":"<section class=\"section\">\n<div class=\"item item-6\">\n<section class=\"image-item\"><img decoding=\"async\" src=\"https:\/\/upload.cdn.baselinker.com\/products\/3029707\/d6394a7cb492b7f16c4a0a656cdd23f6.jpg\"><\/section>\n<\/p><\/div>\n<div class=\"item item-6\">\n<section class=\"text-item\">\n<h1>Aktywna spiralka do w\u00f3zka<\/h1>\n<p>Infantino 5364N<\/p>\n<p>Kolorowa spiralka idealna do w\u00f3zka, \u0142\u00f3\u017ceczka, noside\u0142ka lub fotelika samochodowego. \u0141atwo przymocowuje si\u0119 w w\u00f3zku i zapewnia godziny wspania\u0142ej zabawy.<\/p>\n<p>Zawiera 4 elementy do zabawy: bezpieczne lusterko, dwa plastikowe k\u00f3\u0142eczka, szeleszcz\u0105c\u0105 ma\u0142pk\u0119 oraz mi\u0119kk\u0105 grzechotk\u0119 &#8211; lwa. Ko\u0144c\u00f3wki spiralki szeleszcz\u0105.<\/p>\n<p>Wiek: 0M+.<\/p>\n<\/section><\/div>\n<\/section>\n<section class=\"section\">\n<div class=\"item item-12\">\n<section class=\"image-item\"><img decoding=\"async\" src=\"https:\/\/upload.cdn.baselinker.com\/products\/3029707\/d6394a7cb492b7f16c4a0a656cdd23f6.jpg\"><\/section>\n<\/p><\/div>\n<\/section>\n<section class=\"section\">\n<div class=\"item item-12\">\n<section class=\"image-item\"><img decoding=\"async\" src=\"https:\/\/upload.cdn.baselinker.com\/products\/3029707\/40077d24560f253367720b9e5d71cb3a.jpg\"><\/section>\n<\/p><\/div>\n<\/section>\n<p><strong>Dodatkowe informacje:<\/strong><\/p>\n<ul>\n<li><strong>Producent: <\/strong>INFANTINO B KIDS INTERNATIONAL LIMITED  Flat\/Rm 1203, 12\/F, East Ocean Centre, 98 Granville Road TST East, Kowloon Hong Kong; customersupport@infantino.com<\/li>\n<li><strong>Podmiot odpowiedzialny za wprowadzenie produktu na rynek europejski:<\/strong>\u00a0Infantino B kids B.V. John M. Keynesplein 12-46 1066EP Amsterdam The Netherlands eu.info@infantino.com<\/li>\n<li><strong>Ostrze\u017cenia na opakowaniu: <\/strong><\/li>\n<li><strong>Instrukcja obs\u0142ugi jest:<\/strong> NIE<\/li>\n<li><strong>Kraj pochodzenia:<\/strong> CHINY<\/li>\n<\/ul>\n","protected":false},"excerpt":{"rendered":"<p>Aktywna spiralka do w\u00f3zka Infantino 5364N Kolorowa spiralka idealna do w\u00f3zka, \u0142\u00f3\u017ceczka, noside\u0142ka lub fotelika samochodowego. \u0141atwo przymocowuje si\u0119 w<\/p>\n","protected":false},"featured_media":5738,"comment_status":"open","ping_status":"closed","template":"","meta":[],"product_brand":[],"product_cat":[16],"product_tag":[],"class_list":{"0":"post-5602","1":"product","2":"type-product","3":"status-publish","4":"has-post-thumbnail","6":"product_cat-import","8":"first","9":"instock","10":"shipping-taxable","11":"purchasable","12":"product-type-simple"},"_links":{"self":[{"href":"https:\/\/czas.m2web.pl\/index.php?rest_route=\/wp\/v2\/product\/5602","targetHints":{"allow":["GET"]}}],"collection":[{"href":"https:\/\/czas.m2web.pl\/index.php?rest_route=\/wp\/v2\/product"}],"about":[{"href":"https:\/\/czas.m2web.pl\/index.php?rest_route=\/wp\/v2\/types\/product"}],"replies":[{"embeddable":true,"href":"https:\/\/czas.m2web.pl\/index.php?rest_route=%2Fwp%2Fv2%2Fcomments&post=5602"}],"version-history":[{"count":0,"href":"https:\/\/czas.m2web.pl\/index.php?rest_route=\/wp\/v2\/product\/5602\/revisions"}],"wp:featuredmedia":[{"embeddable":true,"href":"https:\/\/czas.m2web.pl\/index.php?rest_route=\/wp\/v2\/media\/5738"}],"wp:attachment":[{"href":"https:\/\/czas.m2web.pl\/index.php?rest_route=%2Fwp%2Fv2%2Fmedia&parent=5602"}],"wp:term":[{"taxonomy":"product_brand","embeddable":true,"href":"https:\/\/czas.m2web.pl\/index.php?rest_route=%2Fwp%2Fv2%2Fproduct_brand&post=5602"},{"taxonomy":"product_cat","embeddable":true,"href":"https:\/\/czas.m2web.pl\/index.php?rest_route=%2Fwp%2Fv2%2Fproduct_cat&post=5602"},{"taxonomy":"product_tag","embeddable":true,"href":"https:\/\/czas.m2web.pl\/index.php?rest_route=%2Fwp%2Fv2%2Fproduct_tag&post=5602"}],"curies":[{"name":"wp","href":"https:\/\/api.w.org\/{rel}","templated":true}]}}