{"id":5603,"date":"2026-01-04T23:09:22","date_gmt":"2026-01-04T22:09:22","guid":{"rendered":"https:\/\/czas.m2web.pl\/?post_type=product&#038;p=5603"},"modified":"2026-01-04T23:09:52","modified_gmt":"2026-01-04T22:09:52","slug":"infantino-miekkie-klocki-sensoryczne-306606","status":"publish","type":"product","link":"https:\/\/czas.m2web.pl\/?product=infantino-miekkie-klocki-sensoryczne-306606","title":{"rendered":"INFANTINO Mi\u0119kkie klocki sensoryczne 306606"},"content":{"rendered":"<section class=\"section\">\n<div class=\"item item-6\">\n<section class=\"image-item\">             <img decoding=\"async\" src=\"https:\/\/upload.cdn.baselinker.com\/products\/3029707\/ba51f4b20570861090781c71175896e9.jpg\" \/>         <\/section>\n<\/p><\/div>\n<div class=\"item item-6\">\n<section class=\"text-item\">\n<h1>INFANTINO Mi\u0119kkie klocki sensoryczne<\/h1>\n<p>Nr kat.: 306606<\/p>\n<p>Cztery, mi\u0119kkie klocki z r\u00f3\u017cnymi dodatkami to wiele godzin zabawy i odkrywania.<\/p>\n<p>Dziecko pokocha odkrywanie d\u017awi\u0119k\u00f3w, ciekawych tekstur, jasnych kolor\u00f3w i uroczych zwierz\u0105tek. Zabawka wydaje grzechocz\u0105cy d\u017awi\u0119k.<\/p>\n<p>Kostki pomog\u0105 pozna\u0107 dziecku zwierz\u0119ta, podstawowe cyfry, literki, kolory i kszta\u0142ty. Idealne do uk\u0142adania, rzucania i nauki.<\/p>\n<p>Wymiary opakowania: 17,5 x 16 cm.<\/p>\n<p>Wiek: 0M+<\/p>\n<\/section><\/div>\n<\/section>\n<section class=\"section\">\n<div class=\"item item-12\">\n<section class=\"image-item\">             <img decoding=\"async\" src=\"https:\/\/upload.cdn.baselinker.com\/products\/3029707\/ba51f4b20570861090781c71175896e9.jpg\" \/>         <\/section>\n<\/p><\/div>\n<\/section>\n<p><strong>Dodatkowe informacje:<\/strong><\/p>\n<ul>\n<li><strong>Producent: <\/strong>INFANTINO B KIDS INTERNATIONAL LIMITED  Flat\/Rm 1203, 12\/F, East Ocean Centre, 98 Granville Road TST East, Kowloon Hong Kong; customersupport@infantino.com<\/li>\n<li><strong>Podmiot odpowiedzialny za wprowadzenie produktu na rynek europejski:<\/strong>\u00a0Infantino B kids B.V. John M. Keynesplein 12-46 1066EP Amsterdam The Netherlands eu.info@infantino.com<\/li>\n<li><strong>Ostrze\u017cenia na opakowaniu: <\/strong><\/li>\n<li><strong>Instrukcja obs\u0142ugi jest:<\/strong> NIE<\/li>\n<li><strong>Kraj pochodzenia:<\/strong> CHINY<\/li>\n<\/ul>\n","protected":false},"excerpt":{"rendered":"<p>INFANTINO Mi\u0119kkie klocki sensoryczne Nr kat.: 306606 Cztery, mi\u0119kkie klocki z r\u00f3\u017cnymi dodatkami to wiele godzin zabawy i odkrywania. Dziecko<\/p>\n","protected":false},"featured_media":5740,"comment_status":"open","ping_status":"closed","template":"","meta":[],"product_brand":[],"product_cat":[16],"product_tag":[],"class_list":{"0":"post-5603","1":"product","2":"type-product","3":"status-publish","4":"has-post-thumbnail","6":"product_cat-import","8":"first","9":"instock","10":"shipping-taxable","11":"purchasable","12":"product-type-simple"},"_links":{"self":[{"href":"https:\/\/czas.m2web.pl\/index.php?rest_route=\/wp\/v2\/product\/5603","targetHints":{"allow":["GET"]}}],"collection":[{"href":"https:\/\/czas.m2web.pl\/index.php?rest_route=\/wp\/v2\/product"}],"about":[{"href":"https:\/\/czas.m2web.pl\/index.php?rest_route=\/wp\/v2\/types\/product"}],"replies":[{"embeddable":true,"href":"https:\/\/czas.m2web.pl\/index.php?rest_route=%2Fwp%2Fv2%2Fcomments&post=5603"}],"version-history":[{"count":0,"href":"https:\/\/czas.m2web.pl\/index.php?rest_route=\/wp\/v2\/product\/5603\/revisions"}],"wp:featuredmedia":[{"embeddable":true,"href":"https:\/\/czas.m2web.pl\/index.php?rest_route=\/wp\/v2\/media\/5740"}],"wp:attachment":[{"href":"https:\/\/czas.m2web.pl\/index.php?rest_route=%2Fwp%2Fv2%2Fmedia&parent=5603"}],"wp:term":[{"taxonomy":"product_brand","embeddable":true,"href":"https:\/\/czas.m2web.pl\/index.php?rest_route=%2Fwp%2Fv2%2Fproduct_brand&post=5603"},{"taxonomy":"product_cat","embeddable":true,"href":"https:\/\/czas.m2web.pl\/index.php?rest_route=%2Fwp%2Fv2%2Fproduct_cat&post=5603"},{"taxonomy":"product_tag","embeddable":true,"href":"https:\/\/czas.m2web.pl\/index.php?rest_route=%2Fwp%2Fv2%2Fproduct_tag&post=5603"}],"curies":[{"name":"wp","href":"https:\/\/api.w.org\/{rel}","templated":true}]}}