{"id":5886,"date":"2026-01-04T23:10:25","date_gmt":"2026-01-04T22:10:25","guid":{"rendered":"https:\/\/czas.m2web.pl\/?post_type=product&#038;p=5886"},"modified":"2026-01-04T23:10:52","modified_gmt":"2026-01-04T22:10:52","slug":"infantino-3w1-projektor-muzyczna-karuzela-szara-4915","status":"publish","type":"product","link":"https:\/\/czas.m2web.pl\/?product=infantino-3w1-projektor-muzyczna-karuzela-szara-4915","title":{"rendered":"Infantino 3w1 Projektor Muzyczna Karuzela szara 4915"},"content":{"rendered":"<section class=\"section\">\n<div class=\"item item-6\">\n<section class=\"image-item\"><img decoding=\"async\" src=\"https:\/\/upload.cdn.baselinker.com\/products\/3029707\/cbd78ed77f44deace9e7ff1b42176102.jpg\"><\/section>\n<\/p><\/div>\n<div class=\"item item-6\">\n<section class=\"text-item\">\n<h1>Projektor Muzyczna Karuzela 3 w 1 (szara)<\/h1>\n<p>Infantino 4915<\/p>\n<p>Wielofunkcyjny projektorek dostosowuje si\u0119 do r\u00f3\u017cnych etap\u00f3w rozwojowych Twojego male\u0144stwa:<\/p>\n<ul>\n<li>karuzelka z delikatnym \u015bwiat\u0142em i muzyk\u0105 0-5M,<\/li>\n<li>lampka nocna z muzyk\u0105 montowana na \u0142\u00f3\u017ceczko 6-18M,<\/li>\n<li>lampka z muzyk\u0105 na stolik nocny 18M+.<\/li>\n<\/ul>\n<p>Projektor wy\u015bwietla gwiazdki oraz gra koj\u0105ce melodie, kt\u00f3re uspokajaj\u0105 dziecko pomagaj\u0105c mu zasn\u0105\u0107. Na karuzeli, przy d\u017awi\u0119kach muzyki kr\u0119c\u0105 si\u0119 urocze zwierz\u0105tka.<\/p>\n<p>Urz\u0105dzenie posiada 2 tryby odtwarzania: tryb wybudzania i zasypiania.<\/p>\n<\/section><\/div>\n<\/section>\n<section class=\"section\">\n<div class=\"item item-6\">\n<section class=\"image-item\"><img decoding=\"async\" src=\"https:\/\/upload.cdn.baselinker.com\/products\/3029707\/e745f7e06f2ea78415237ca0f99b4282.jpg\"><\/section>\n<\/p><\/div>\n<div class=\"item item-6\">\n<section class=\"text-item\">\n<p>W trybie wybudzania:<\/p>\n<ul>\n<li>0-3 min. w\u0142\u0105czona jest tylko lampka.<\/li>\n<li>4-15 min. w\u0142\u0105czona jest lampka i muzyka.<\/li>\n<li>16-20 min. w\u0142\u0105czona jest lampka muzyka i projektor.<\/li>\n<\/ul>\n<p>W trybie zasypiania:<\/p>\n<ul>\n<li>0-10 min. w\u0142\u0105czona jest muzyka, lampka oraz projektor.<\/li>\n<li>11-20 min. w\u0142\u0105czona jest tylko lampka nocna,<\/li>\n<li>pozosta\u0142e funkcje s\u0105 wy\u0142\u0105czone.<\/li>\n<\/ul>\n<p>Projektor odtwarza 6 melodii i 4 odg\u0142osy przyrody. Posiada funkcj\u0119 regulacji g\u0142o\u015bno\u015bci.<\/p>\n<p>Karuzelka 3 w 1 pomo\u017ce uciszy\u0107 maluszka \u015bwiate\u0142kami, ruchem oraz muzyk\u0105 i stworzy\u0107 mu rytua\u0142 zasypiania. Z \u0142atwo\u015bci\u0105 mo\u017cna przymocowa\u0107 j\u0105\u00a0do \u0142\u00f3\u017ceczka.<\/p>\n<ul>\n<li>Wymiary opakowania: 41 x 31 x 13 cm.<\/li>\n<li>Wymagane baterie 3 szt. AAA (nie za\u0142\u0105czone).<\/li>\n<li>Wiek: 0+.<\/li>\n<\/ul>\n<\/section><\/div>\n<\/section>\n<section class=\"section\">\n<div class=\"item item-6\">\n<section class=\"image-item\"><img decoding=\"async\" src=\"https:\/\/upload.cdn.baselinker.com\/products\/3029707\/4c8d10da02e986073b2e1cb70208874c.jpg\"><\/section>\n<\/p><\/div>\n<div class=\"item item-6\">\n<section class=\"image-item\"><img decoding=\"async\" src=\"https:\/\/upload.cdn.baselinker.com\/products\/3029707\/ce8a25e86dc44d8e2e98be76035c402e.jpg\"><\/section>\n<\/p><\/div>\n<\/section>\n<section class=\"section\">\n<div class=\"item item-12\">\n<section class=\"image-item\"><img decoding=\"async\" src=\"https:\/\/upload.cdn.baselinker.com\/products\/3029707\/c924932b5c748e2eea728dbae6b5bf05.jpg\"><\/section>\n<\/p><\/div>\n<\/section>\n<section class=\"section\">\n<div class=\"item item-12\">\n<section class=\"image-item\"><img decoding=\"async\" src=\"https:\/\/upload.cdn.baselinker.com\/products\/3029707\/85d431f9df718348e9203323c7754bf3.jpg\"><\/section>\n<\/p><\/div>\n<\/section>\n<p><strong>Dodatkowe informacje:<\/strong><\/p>\n<ul>\n<li><strong>Producent: <\/strong>INFANTINO B KIDS INTERNATIONAL LIMITED  Flat\/Rm 1203, 12\/F, East Ocean Centre, 98 Granville Road TST East, Kowloon Hong Kong; customersupport@infantino.com<\/li>\n<li><strong>Podmiot odpowiedzialny za wprowadzenie produktu na rynek europejski:<\/strong>\u00a0Infantino B kids B.V. John M. Keynesplein 12-46 1066EP Amsterdam The Netherlands eu.info@infantino.com<\/li>\n<li><strong>Ostrze\u017cenia na opakowaniu: <\/strong><\/li>\n<li><strong>Instrukcja obs\u0142ugi jest:<\/strong> NIE<\/li>\n<li><strong>Kraj pochodzenia:<\/strong> CHINY<\/li>\n<\/ul>\n","protected":false},"excerpt":{"rendered":"<p>Projektor Muzyczna Karuzela 3 w 1 (szara) Infantino 4915 Wielofunkcyjny projektorek dostosowuje si\u0119 do r\u00f3\u017cnych etap\u00f3w rozwojowych Twojego male\u0144stwa: karuzelka<\/p>\n","protected":false},"featured_media":6002,"comment_status":"open","ping_status":"closed","template":"","meta":[],"product_brand":[],"product_cat":[3559],"product_tag":[],"class_list":{"0":"post-5886","1":"product","2":"type-product","3":"status-publish","4":"has-post-thumbnail","6":"product_cat-karuzelki-i-projektorki","8":"first","9":"instock","10":"shipping-taxable","11":"purchasable","12":"product-type-simple"},"_links":{"self":[{"href":"https:\/\/czas.m2web.pl\/index.php?rest_route=\/wp\/v2\/product\/5886","targetHints":{"allow":["GET"]}}],"collection":[{"href":"https:\/\/czas.m2web.pl\/index.php?rest_route=\/wp\/v2\/product"}],"about":[{"href":"https:\/\/czas.m2web.pl\/index.php?rest_route=\/wp\/v2\/types\/product"}],"replies":[{"embeddable":true,"href":"https:\/\/czas.m2web.pl\/index.php?rest_route=%2Fwp%2Fv2%2Fcomments&post=5886"}],"version-history":[{"count":0,"href":"https:\/\/czas.m2web.pl\/index.php?rest_route=\/wp\/v2\/product\/5886\/revisions"}],"wp:featuredmedia":[{"embeddable":true,"href":"https:\/\/czas.m2web.pl\/index.php?rest_route=\/wp\/v2\/media\/6002"}],"wp:attachment":[{"href":"https:\/\/czas.m2web.pl\/index.php?rest_route=%2Fwp%2Fv2%2Fmedia&parent=5886"}],"wp:term":[{"taxonomy":"product_brand","embeddable":true,"href":"https:\/\/czas.m2web.pl\/index.php?rest_route=%2Fwp%2Fv2%2Fproduct_brand&post=5886"},{"taxonomy":"product_cat","embeddable":true,"href":"https:\/\/czas.m2web.pl\/index.php?rest_route=%2Fwp%2Fv2%2Fproduct_cat&post=5886"},{"taxonomy":"product_tag","embeddable":true,"href":"https:\/\/czas.m2web.pl\/index.php?rest_route=%2Fwp%2Fv2%2Fproduct_tag&post=5886"}],"curies":[{"name":"wp","href":"https:\/\/api.w.org\/{rel}","templated":true}]}}