{"id":5966,"date":"2026-01-04T23:10:46","date_gmt":"2026-01-04T22:10:46","guid":{"rendered":"https:\/\/czas.m2web.pl\/?post_type=product&#038;p=5966"},"modified":"2026-01-04T23:10:59","modified_gmt":"2026-01-04T22:10:59","slug":"infantino-muzyczne-pianinko-dj-panda-212017","status":"publish","type":"product","link":"https:\/\/czas.m2web.pl\/?product=infantino-muzyczne-pianinko-dj-panda-212017","title":{"rendered":"Infantino Muzyczne pianinko DJ PANDA 212017"},"content":{"rendered":"<section class=\"section\">\n<div class=\"item item-6\">\n<section class=\"image-item\"><img decoding=\"async\" src=\"https:\/\/upload.cdn.baselinker.com\/products\/3029707\/ba8ac7732e234dd1bcba145fb70cba80.jpg\"><\/section>\n<\/p><\/div>\n<div class=\"item item-6\">\n<section class=\"text-item\">\n<h1>Muzyczne pianinko DJ PANDA<\/h1>\n<h1>Infantino\u00a0 212017<\/h1>\n<p>Super bity, mn\u00f3stwo prze\u0142\u0105cznik\u00f3w i zabawna muzyka b\u0119d\u0105 idealne do wprowadzenia dzieci w pierwsz\u0105 muzyczn\u0105 przygod\u0119.<\/p>\n<p>Naciskaj, przesuwaj, miksuj i przekr\u0119caj pokr\u0119t\u0142a, aby aktywowa\u0107 r\u00f3\u017cne melodie i efekty d\u017awi\u0119kowe jak prawdziwy DJ.<\/p>\n<p>Po naci\u015bni\u0119ciu 2 pod\u015bwietlanych dysk\u00f3w zagraj\u0105 weso\u0142e melodie, a ruchome kraw\u0119dzie b\u0119d\u0105 wydawa\u0107 efekty miksowania muzyki.<\/p>\n<p>Pianinko posiada kilka przycisk\u00f3w do zmiany piosenek i efekt\u00f3w d\u017awi\u0119kowych oraz przesuwane koraliki na s\u0142uchawkach pandy.<\/p>\n<ul>\n<li>Wymagane baterie: 3xAA (zawarte w zestawie).<\/li>\n<li>Wiek: 6-36M.<\/li>\n<li>Wymiary opakowania: 24 x 28 x 14 cm<\/li>\n<li>Wymiary pianinka: 20 x 22<\/li>\n<\/ul>\n<\/section><\/div>\n<\/section>\n<section class=\"section\">\n<div class=\"item item-6\">\n<section class=\"image-item\"><img decoding=\"async\" src=\"https:\/\/upload.cdn.baselinker.com\/products\/3029707\/6195fde4430b27c450128ab7941fcfab.jpg\"><\/section>\n<\/p><\/div>\n<div class=\"item item-6\">\n<section class=\"image-item\"><img decoding=\"async\" src=\"https:\/\/upload.cdn.baselinker.com\/products\/3029707\/c55f999414ffd30b2324971390c4bf0c.jpg\"><\/section>\n<\/p><\/div>\n<\/section>\n<section class=\"section\">\n<div class=\"item item-12\">\n<section class=\"image-item\"><img decoding=\"async\" src=\"https:\/\/upload.cdn.baselinker.com\/products\/3029707\/ba8ac7732e234dd1bcba145fb70cba80.jpg\"><\/section>\n<\/p><\/div>\n<\/section>\n<section class=\"section\">\n<div class=\"item item-12\">\n<section class=\"image-item\"><img decoding=\"async\" src=\"https:\/\/upload.cdn.baselinker.com\/products\/3029707\/92201a47de60dff264bc8596d9ba468e.jpg\"><\/section>\n<\/p><\/div>\n<\/section>\n<p><strong>Dodatkowe informacje:<\/strong><\/p>\n<ul>\n<li><strong>Producent: <\/strong>INFANTINO B KIDS INTERNATIONAL LIMITED  Flat\/Rm 1203, 12\/F, East Ocean Centre, 98 Granville Road TST East, Kowloon Hong Kong; customersupport@infantino.com<\/li>\n<li><strong>Podmiot odpowiedzialny za wprowadzenie produktu na rynek europejski:<\/strong>\u00a0Infantino B kids B.V. John M. Keynesplein 12-46 1066EP Amsterdam The Netherlands eu.info@infantino.com<\/li>\n<li><strong>Ostrze\u017cenia na opakowaniu: <\/strong><\/li>\n<li><strong>Instrukcja obs\u0142ugi jest:<\/strong> NIE<\/li>\n<li><strong>Kraj pochodzenia:<\/strong> CHINY<\/li>\n<\/ul>\n","protected":false},"excerpt":{"rendered":"<p>Muzyczne pianinko DJ PANDA Infantino\u00a0 212017 Super bity, mn\u00f3stwo prze\u0142\u0105cznik\u00f3w i zabawna muzyka b\u0119d\u0105 idealne do wprowadzenia dzieci w pierwsz\u0105<\/p>\n","protected":false},"featured_media":6028,"comment_status":"open","ping_status":"closed","template":"","meta":[],"product_brand":[],"product_cat":[121,17],"product_tag":[],"class_list":{"0":"post-5966","1":"product","2":"type-product","3":"status-publish","4":"has-post-thumbnail","6":"product_cat-aktywne-i-edukacyjne","7":"product_cat-dla-najmlodszych","9":"first","10":"instock","11":"shipping-taxable","12":"purchasable","13":"product-type-simple"},"_links":{"self":[{"href":"https:\/\/czas.m2web.pl\/index.php?rest_route=\/wp\/v2\/product\/5966","targetHints":{"allow":["GET"]}}],"collection":[{"href":"https:\/\/czas.m2web.pl\/index.php?rest_route=\/wp\/v2\/product"}],"about":[{"href":"https:\/\/czas.m2web.pl\/index.php?rest_route=\/wp\/v2\/types\/product"}],"replies":[{"embeddable":true,"href":"https:\/\/czas.m2web.pl\/index.php?rest_route=%2Fwp%2Fv2%2Fcomments&post=5966"}],"version-history":[{"count":0,"href":"https:\/\/czas.m2web.pl\/index.php?rest_route=\/wp\/v2\/product\/5966\/revisions"}],"wp:featuredmedia":[{"embeddable":true,"href":"https:\/\/czas.m2web.pl\/index.php?rest_route=\/wp\/v2\/media\/6028"}],"wp:attachment":[{"href":"https:\/\/czas.m2web.pl\/index.php?rest_route=%2Fwp%2Fv2%2Fmedia&parent=5966"}],"wp:term":[{"taxonomy":"product_brand","embeddable":true,"href":"https:\/\/czas.m2web.pl\/index.php?rest_route=%2Fwp%2Fv2%2Fproduct_brand&post=5966"},{"taxonomy":"product_cat","embeddable":true,"href":"https:\/\/czas.m2web.pl\/index.php?rest_route=%2Fwp%2Fv2%2Fproduct_cat&post=5966"},{"taxonomy":"product_tag","embeddable":true,"href":"https:\/\/czas.m2web.pl\/index.php?rest_route=%2Fwp%2Fv2%2Fproduct_tag&post=5966"}],"curies":[{"name":"wp","href":"https:\/\/api.w.org\/{rel}","templated":true}]}}