{"id":5967,"date":"2026-01-04T23:10:46","date_gmt":"2026-01-04T22:10:46","guid":{"rendered":"https:\/\/czas.m2web.pl\/?post_type=product&#038;p=5967"},"modified":"2026-01-04T23:11:00","modified_gmt":"2026-01-04T22:11:00","slug":"b-kids-muzyczna-gasieniczka-ze-swiatelkami-73586","status":"publish","type":"product","link":"https:\/\/czas.m2web.pl\/?product=b-kids-muzyczna-gasieniczka-ze-swiatelkami-73586","title":{"rendered":"B-Kids Muzyczna g\u0105sieniczka ze \u015bwiate\u0142kami 73586"},"content":{"rendered":"<section class=\"section\">\n<div class=\"item item-6\">\n<section class=\"image-item\">             <img decoding=\"async\" src=\"https:\/\/upload.cdn.baselinker.com\/products\/3029707\/5b00452ddc3f4a4d1eb7892598b4dd35.jpg\" \/>         <\/section>\n<\/p><\/div>\n<div class=\"item item-6\">\n<section class=\"text-item\">\n<h1>Muzyczna g\u0105sieniczka ze \u015bwiate\u0142kami<\/h1>\n<h2>B-Kids 73586<\/h2>\n<p>Ka\u017cdy przycisk otwiera ma\u0142e okienko z niespodziank\u0105!<\/p>\n<p>Po naci\u015bni\u0119ciu lub przekr\u0119ceniu przycisk\u00f3w o r\u00f3\u017cnych kszta\u0142tach dziecko us\u0142yszy \u015bmieszne d\u017awi\u0119ki i melodyjki, a ponumerowane drzwiczki otworz\u0105 si\u0119, pokazuj\u0105c weso\u0142e zwierz\u0105tka. Podczas zabawy zwierz\u0105tka migaj\u0105 kolorowymi \u015bwiate\u0142kami.<\/p>\n<p>Na drzwiczkach znajduj\u0105 si\u0119 cyfry w r\u00f3\u017cnych kolorach, co pomo\u017ce dziecku w ich zapami\u0119tywaniu.<\/p>\n<p>Zabawka w kszta\u0142cie g\u0105sienicy posiada efekty d\u017awi\u0119kowe i \u015bwietlne.<\/p>\n<ul>\n<li>Wiek: 12+.<\/li>\n<li>Wymagane baterie: 2 x 1,5V (w zestawie).<\/li>\n<li>Wymiary opakowania: 34 x 20,5 x 6 cm.<\/li>\n<li>Wymiary muzycznej g\u0105sieniczki: 31 x 16,5 cm.<\/li>\n<\/ul>\n<\/section><\/div>\n<\/section>\n<section class=\"section\">\n<div class=\"item item-12\">\n<section class=\"image-item\">             <img decoding=\"async\" src=\"https:\/\/upload.cdn.baselinker.com\/products\/3029707\/fd257424623063fe02ab52a25aa60d4d.jpg\" \/>         <\/section>\n<\/p><\/div>\n<\/section>\n<section class=\"section\">\n<div class=\"item item-6\">\n<section class=\"image-item\">             <img decoding=\"async\" src=\"https:\/\/upload.cdn.baselinker.com\/products\/3029707\/a6553c5ff3af3149e2c82aa32841a319.jpg\" \/>         <\/section>\n<\/p><\/div>\n<div class=\"item item-6\">\n<section class=\"image-item\">             <img decoding=\"async\" src=\"https:\/\/upload.cdn.baselinker.com\/products\/3029707\/5b00452ddc3f4a4d1eb7892598b4dd35.jpg\" \/>         <\/section>\n<\/p><\/div>\n<\/section>\n<section class=\"section\">\n<div class=\"item item-12\">\n<section class=\"image-item\">             <img decoding=\"async\" src=\"https:\/\/upload.cdn.baselinker.com\/products\/3029707\/df8fce100e540b7725e3c71d75f8e8dc.jpg\" \/>         <\/section>\n<\/p><\/div>\n<\/section>\n<p><strong>Dodatkowe informacje:<\/strong><\/p>\n","protected":false},"excerpt":{"rendered":"<p>Muzyczna g\u0105sieniczka ze \u015bwiate\u0142kami B-Kids 73586 Ka\u017cdy przycisk otwiera ma\u0142e okienko z niespodziank\u0105! Po naci\u015bni\u0119ciu lub przekr\u0119ceniu przycisk\u00f3w o r\u00f3\u017cnych<\/p>\n","protected":false},"featured_media":6032,"comment_status":"open","ping_status":"closed","template":"","meta":[],"product_brand":[],"product_cat":[16],"product_tag":[],"class_list":{"0":"post-5967","1":"product","2":"type-product","3":"status-publish","4":"has-post-thumbnail","6":"product_cat-import","8":"first","9":"instock","10":"shipping-taxable","11":"purchasable","12":"product-type-simple"},"_links":{"self":[{"href":"https:\/\/czas.m2web.pl\/index.php?rest_route=\/wp\/v2\/product\/5967","targetHints":{"allow":["GET"]}}],"collection":[{"href":"https:\/\/czas.m2web.pl\/index.php?rest_route=\/wp\/v2\/product"}],"about":[{"href":"https:\/\/czas.m2web.pl\/index.php?rest_route=\/wp\/v2\/types\/product"}],"replies":[{"embeddable":true,"href":"https:\/\/czas.m2web.pl\/index.php?rest_route=%2Fwp%2Fv2%2Fcomments&post=5967"}],"version-history":[{"count":0,"href":"https:\/\/czas.m2web.pl\/index.php?rest_route=\/wp\/v2\/product\/5967\/revisions"}],"wp:featuredmedia":[{"embeddable":true,"href":"https:\/\/czas.m2web.pl\/index.php?rest_route=\/wp\/v2\/media\/6032"}],"wp:attachment":[{"href":"https:\/\/czas.m2web.pl\/index.php?rest_route=%2Fwp%2Fv2%2Fmedia&parent=5967"}],"wp:term":[{"taxonomy":"product_brand","embeddable":true,"href":"https:\/\/czas.m2web.pl\/index.php?rest_route=%2Fwp%2Fv2%2Fproduct_brand&post=5967"},{"taxonomy":"product_cat","embeddable":true,"href":"https:\/\/czas.m2web.pl\/index.php?rest_route=%2Fwp%2Fv2%2Fproduct_cat&post=5967"},{"taxonomy":"product_tag","embeddable":true,"href":"https:\/\/czas.m2web.pl\/index.php?rest_route=%2Fwp%2Fv2%2Fproduct_tag&post=5967"}],"curies":[{"name":"wp","href":"https:\/\/api.w.org\/{rel}","templated":true}]}}