{"id":6210,"date":"2026-01-04T23:11:50","date_gmt":"2026-01-04T22:11:50","guid":{"rendered":"https:\/\/czas.m2web.pl\/?post_type=product&#038;p=6210"},"modified":"2026-01-04T23:12:10","modified_gmt":"2026-01-04T22:12:10","slug":"bburago-junior-lodka-ze-swiecacym-zaglem-89022","status":"publish","type":"product","link":"https:\/\/czas.m2web.pl\/?product=bburago-junior-lodka-ze-swiecacym-zaglem-89022","title":{"rendered":"BBURAGO JUNIOR \u0141\u00f3dka ze \u015bwiec\u0105cym \u017caglem 89022"},"content":{"rendered":"<section class=\"section\">\n<div class=\"item item-6\">\n<section class=\"image-item\">             <img decoding=\"async\" src=\"https:\/\/upload.cdn.baselinker.com\/products\/3029707\/e89f8bef54bcc0dd676171c22f2d72c6.jpg\" \/>         <\/section>\n<\/p><\/div>\n<div class=\"item item-6\">\n<section class=\"text-item\">\n<h1>BBURAGO JUNIOR \u0141\u00f3dka ze \u015bwiec\u0105cym \u017caglem<\/h1>\n<p>Nr kat.: 89022<\/p>\n<p>Kolor: seledynowy\/bia\u0142y<\/p>\n<p><b>Wspania\u0142a \u0142\u00f3d\u017a z pod\u015bwietleniem z serii Splash&amp;Play marki Bburago.<\/b><\/p>\n<p><b>\u0141\u00f3d\u017a unosi si\u0119 na wodzie i mo\u017ce s\u0142u\u017cy\u0107 jako zabawka podczas k\u0105pieli.<\/b><\/p>\n<p><b>Po naci\u015bni\u0119ciu przycisku roz\u015bwietla \u017cagiel w 9 r\u00f3\u017cnych kolorach.<\/b><\/p>\n<p>Wymiary \u0142odzi: 15 x 7,5 x 14 cm.<\/p>\n<p>Wymiary opakowania: 16,5 x 19 x 10,5 cm.<\/p>\n<p>Wymagane baterie: 3 x 1,5V AG13 &#8211; w zestawie.<\/p>\n<p>Wiek: 12M+.<\/p>\n<\/section><\/div>\n<\/section>\n<section class=\"section\">\n<div class=\"item item-12\">\n<section class=\"image-item\">             <img decoding=\"async\" src=\"https:\/\/upload.cdn.baselinker.com\/products\/3029707\/2e780e681de014b02e049c53d726096e.jpg\" \/>         <\/section>\n<\/p><\/div>\n<\/section>\n<section class=\"section\">\n<div class=\"item item-12\">\n<section class=\"image-item\">             <img decoding=\"async\" src=\"https:\/\/upload.cdn.baselinker.com\/products\/3029707\/e9aaad4c432448e457f51dc63bcf1794.jpg\" \/>         <\/section>\n<\/p><\/div>\n<\/section>\n<section class=\"section\">\n<div class=\"item item-12\">\n<section class=\"image-item\">             <img decoding=\"async\" src=\"https:\/\/upload.cdn.baselinker.com\/products\/3029707\/2640f6f1974a1b7e22617beb98f0b266.jpg\" \/>         <\/section>\n<\/p><\/div>\n<\/section>\n<section class=\"section\">\n<div class=\"item item-12\">\n<section class=\"image-item\">             <img decoding=\"async\" src=\"https:\/\/upload.cdn.baselinker.com\/products\/3029707\/0a61bd808886313e096bba8e9996d5ca.jpg\" \/>         <\/section>\n<\/p><\/div>\n<\/section>\n<p><strong>Dodatkowe informacje:<\/strong><\/p>\n<ul>\n<li><strong>Producent: <\/strong>May Cheong Group Limited Unit 901-2, 9\/F, East Ocean Centre,  98 Granville Road, Tsimshatsui East, Kowloon, Hong Kong info@maycheonggroup.com.hk<\/li>\n<li><strong>Podmiot odpowiedzialny za wprowadzenie produktu na rynek europejski:<\/strong>\u00a0Firma Handlowa PULIO Krzysztof Gebel ul. Kolejowa 3 55-040 Bielany Wroc\u0142awskie  tel. +48 71 352 07 80  biuro@pulio.pl  www.pulio.pl<\/li>\n<li><strong>Ostrze\u017cenia na opakowaniu: <\/strong>\u0141\u00f3dz: 3 baterie 1,5 V AG13 (w zestawie) \u2022 Baterie s\u0105 dostarczone wy\u0142\u0105cznie do cel\u00f3w demonstracyjnych, a nie do d\u0142ugotrwa\u0142ego u\u017cytku. \u2022 Zalecamy u\u017cywanie baterii alkalicznych. \u2022 Zalecanie akumulatork\u00f3w (\u0142adowalnych baterii) nie jest zalecane. \u2022 Nie nale\u017cy miesza\u0107 starych baterii z nowymi. \u2022 Nie nale\u017cy miesza\u0107 baterii alkalicznych ze zwyk\u0142ymi (w\u0119glowo-cynkowymi) lub akumulatorkami. \u2022 Nale\u017cy zwr\u00f3ci\u0107 uwag\u0119 na prawid\u0142ow\u0105 polaryzacj\u0119 baterii. \u2022 Nie wolno zwiera\u0107 styk\u00f3w zasilania. OSTRZE\u017bENIE! Zawiera baterie guzikowe. Wyst\u0119puje ryzyko w przypadku po\u0142kni\u0119cia &#8211; zapoznaj si\u0119 z instrukcj\u0105.  OSTRZE\u017bENIE! Wszystkie elementy opakowania, takie jak ta\u015bma, plastikowe elementy, druty i elementy mocuj\u0105ce nie s\u0105 cz\u0119\u015bciami tej zabawki i ze wzgl\u0119du na bezpiecze\u0144stwo dziecka powinny by\u0107 usuni\u0119te. Czy\u015bci\u0107 tylko zewn\u0119trzn\u0105 powierzchni\u0119 zabawki. Czy\u015bci\u0107 wilgotn\u0105 szmatk\u0105. Ten produkt powinien by\u0107 u\u017cywany wy\u0142\u0105cznie pod nadzorem doros\u0142ej osoby. Nale\u017cy zachowa\u0107 t\u0119 instrukcj\u0119 u\u017cytkownika do wykorzystania w przysz\u0142o\u015bci. Zawiera ona istotne informacje. Zastrzegamy sobie prawo do modyfikacji\/modernizacji specyfikacji produktu bez powiadomienia.<\/li>\n<li><strong>Instrukcja obs\u0142ugi jest:<\/strong> OSTRZE\u017bENIE! Wszystkie elementy opakowania, takie jak ta\u015bma, plastikowe elementy, druty i elementy mocuj\u0105ce nie s\u0105 cz\u0119\u015bciami tej zabawki i ze wzgl\u0119du na bezpiecze\u0144stwo dziecka powinny by\u0107 usuni\u0119te. Czy\u015bci\u0107 tylko zewn\u0119trzn\u0105 powierzchni\u0119 zabawki. Czy\u015bci\u0107 wilgotn\u0105 szmatk\u0105. Ten produkt powinien by\u0107 u\u017cywany wy\u0142\u0105cznie pod nadzorem doros\u0142ej osoby. Nale\u017cy zachowa\u0107 t\u0119 instrukcj\u0119 u\u017cytkownika do wykorzystania w przysz\u0142o\u015bci. Zawiera ona istotne informacje. Zastrzegamy sobie prawo do modyfikacji\/modernizacji specyfikacji produktu bez powiadomienia. Obs\u0142uga baterii 1. Rekomendowane alkaliczne baterie. 2. Nale\u017cy u\u017cywa\u0107 baterii zaleconego typu lub r\u00f3wnowa\u017cnych. 3. Nie nale\u017cy miesza\u0107 ze sob\u0105 r\u00f3\u017cnych typ\u00f3w baterii lub nowych i u\u017cywanych. 4. Nie nale\u017cy miesza\u0107 starych i nowych baterii. 5. Baterie nieprzewidziane do \u0142adowania nie mog\u0105 by\u0107 \u0142adowane. 6. Wymiana oraz \u0142adowanie baterii musi by\u0107 dokonywana przez osoby doros\u0142e. 7. Baterie przewidziane do \u0142adowania nale\u017cy przed \u0142adowaniem wyj\u0105\u0107 z zabawki. 8. Umie\u015b\u0107 baterie zgodnie z polaryzacj\u0105 (+\/-) umieszczon\u0105 na pojemniku baterii. 9. Usu\u0144 z produktu wszystkie baterie je\u015bli nie jest on u\u017cywany. 10.Wyczerpane baterie nale\u017cy wyj\u0105\u0107 z zabawki i wyrzuci\u0107 do specjalnych pojemnik\u00f3w. 11.Nie wolno zwiera\u0107 zacisk\u00f3w zasilania. 12.Nie wrzuca\u0107 baterii do ognia, mo\u017ce to spowodowa\u0107 ich wybuch lub wyciek powoduj\u0105ce urazy lub uszkodzenia. 13.Wymiana baterii musi by\u0107 dokonywana wy\u0142\u0105cznie przez osoby doros\u0142e. 14. Ostrze\u017cenie! Zu\u017cyte baterie natychmiast usu\u0144. Trzymaj nowe i u\u017cywane baterie poza zasi\u0119giem dzieci. Je\u017celi bateria zosta\u0142a po\u0142kni\u0119ta lub znalaz\u0142a si\u0119 wewn\u0105trz cia\u0142a w inny spos\u00f3b, natychmiast skontaktuj si\u0119 z lekarzem.<\/li>\n<li><strong>Kraj pochodzenia:<\/strong> CHINY<\/li>\n<\/ul>\n","protected":false},"excerpt":{"rendered":"<p>BBURAGO JUNIOR \u0141\u00f3dka ze \u015bwiec\u0105cym \u017caglem Nr kat.: 89022 Kolor: seledynowy\/bia\u0142y Wspania\u0142a \u0142\u00f3d\u017a z pod\u015bwietleniem z serii Splash&amp;Play marki Bburago.<\/p>\n","protected":false},"featured_media":6259,"comment_status":"open","ping_status":"closed","template":"","meta":[],"product_brand":[],"product_cat":[17,1226],"product_tag":[],"class_list":{"0":"post-6210","1":"product","2":"type-product","3":"status-publish","4":"has-post-thumbnail","6":"product_cat-dla-najmlodszych","7":"product_cat-zabawki-do-kapieli","9":"first","10":"instock","11":"shipping-taxable","12":"purchasable","13":"product-type-simple"},"_links":{"self":[{"href":"https:\/\/czas.m2web.pl\/index.php?rest_route=\/wp\/v2\/product\/6210","targetHints":{"allow":["GET"]}}],"collection":[{"href":"https:\/\/czas.m2web.pl\/index.php?rest_route=\/wp\/v2\/product"}],"about":[{"href":"https:\/\/czas.m2web.pl\/index.php?rest_route=\/wp\/v2\/types\/product"}],"replies":[{"embeddable":true,"href":"https:\/\/czas.m2web.pl\/index.php?rest_route=%2Fwp%2Fv2%2Fcomments&post=6210"}],"version-history":[{"count":0,"href":"https:\/\/czas.m2web.pl\/index.php?rest_route=\/wp\/v2\/product\/6210\/revisions"}],"wp:featuredmedia":[{"embeddable":true,"href":"https:\/\/czas.m2web.pl\/index.php?rest_route=\/wp\/v2\/media\/6259"}],"wp:attachment":[{"href":"https:\/\/czas.m2web.pl\/index.php?rest_route=%2Fwp%2Fv2%2Fmedia&parent=6210"}],"wp:term":[{"taxonomy":"product_brand","embeddable":true,"href":"https:\/\/czas.m2web.pl\/index.php?rest_route=%2Fwp%2Fv2%2Fproduct_brand&post=6210"},{"taxonomy":"product_cat","embeddable":true,"href":"https:\/\/czas.m2web.pl\/index.php?rest_route=%2Fwp%2Fv2%2Fproduct_cat&post=6210"},{"taxonomy":"product_tag","embeddable":true,"href":"https:\/\/czas.m2web.pl\/index.php?rest_route=%2Fwp%2Fv2%2Fproduct_tag&post=6210"}],"curies":[{"name":"wp","href":"https:\/\/api.w.org\/{rel}","templated":true}]}}