{"id":8049,"date":"2026-01-04T23:23:34","date_gmt":"2026-01-04T22:23:34","guid":{"rendered":"https:\/\/czas.m2web.pl\/?post_type=product&#038;p=8049"},"modified":"2026-01-04T23:23:52","modified_gmt":"2026-01-04T22:23:52","slug":"infantino-wieza-do-ukladania-magiczna-tecza-315280","status":"publish","type":"product","link":"https:\/\/czas.m2web.pl\/?product=infantino-wieza-do-ukladania-magiczna-tecza-315280","title":{"rendered":"INFANTINO Wie\u017ca do uk\u0142adania &#8211; Magiczna T\u0119cza  315280"},"content":{"rendered":"<section class=\"section\">\n<div class=\"item item-6\">\n<section class=\"image-item\">             <img decoding=\"async\" src=\"https:\/\/upload.cdn.baselinker.com\/products\/3029707\/62107e45d7d863e03ba1b7d0d4845cf9.jpg\" \/>         <\/section>\n<\/p><\/div>\n<div class=\"item item-6\">\n<section class=\"text-item\">\n<h1>INFANTINO Wie\u017ca do uk\u0142adania &#8211; Magiczna T\u0119cza<\/h1>\n<p>Nr kat.: 315280<\/p>\n<p><b>Wielokolorowa wie\u017ca zapewni maluchom wspania\u0142\u0105 zabaw\u0119!<\/b><\/p>\n<p>Kontrastowe kolory stymuluj\u0105 zmys\u0142y dziecka, a uk\u0142adanie p\u00f3\u0142koli zach\u0119ca do logicznego my\u015blenia.<\/p>\n<p>Zabawka rozwija zdolno\u015bci manualne i zr\u0119czno\u015bciowe malucha, \u0107wiczy koncentracj\u0119 i koordynacj\u0119 wzrokow\u0105.<\/p>\n<p>Nieograniczone mo\u017cliwo\u015bci zabawy!<\/p>\n<p><b>Ilo\u015b\u0107 element\u00f3w: 7.<\/b><\/p>\n<p>Wymiary z\u0142o\u017conej t\u0119czy: 15 x 8 cm.<\/p>\n<p>Maksymalna wysoko\u015b\u0107 wie\u017cy: 28,5 cm.<\/p>\n<p>Wymiary opakowania: 15 x 8 x 5,5 cm.<\/p>\n<p>Wiek: 12M+.<\/p>\n<\/section><\/div>\n<\/section>\n<section class=\"section\">\n<div class=\"item item-12\">\n<section class=\"image-item\">             <img decoding=\"async\" src=\"https:\/\/upload.cdn.baselinker.com\/products\/3029707\/62107e45d7d863e03ba1b7d0d4845cf9.jpg\" \/>         <\/section>\n<\/p><\/div>\n<\/section>\n<section class=\"section\">\n<div class=\"item item-12\">\n<section class=\"image-item\">             <img decoding=\"async\" src=\"https:\/\/upload.cdn.baselinker.com\/products\/3029707\/a155fbf7ac11f7a095d29ec1ba6feb63.jpg\" \/>         <\/section>\n<\/p><\/div>\n<\/section>\n<section class=\"section\">\n<div class=\"item item-12\">\n<section class=\"image-item\">             <img decoding=\"async\" src=\"https:\/\/upload.cdn.baselinker.com\/products\/3029707\/6bcaff86ddf4001a23e44b2f4e546f9d.jpg\" \/>         <\/section>\n<\/p><\/div>\n<\/section>\n<section class=\"section\">\n<div class=\"item item-12\">\n<section class=\"image-item\">             <img decoding=\"async\" src=\"https:\/\/upload.cdn.baselinker.com\/products\/3029707\/73989d65f453055681efcf08c5d90ce2.jpg\" \/>         <\/section>\n<\/p><\/div>\n<\/section>\n<section class=\"section\">\n<div class=\"item item-12\">\n<section class=\"image-item\">             <img decoding=\"async\" src=\"https:\/\/upload.cdn.baselinker.com\/products\/3029707\/1a913093f0f91e5187c42838afc69574.jpg\" \/>         <\/section>\n<\/p><\/div>\n<\/section>\n<p><strong>Dodatkowe informacje:<\/strong><\/p>\n<ul>\n<li><strong>Producent: <\/strong>INFANTINO B KIDS INTERNATIONAL LIMITED  Flat\/Rm 1203, 12\/F, East Ocean Centre, 98 Granville Road TST East, Kowloon Hong Kong; customersupport@infantino.com<\/li>\n<li><strong>Podmiot odpowiedzialny za wprowadzenie produktu na rynek europejski:<\/strong>\u00a0Infantino B kids B.V. John M. Keynesplein 12-46 1066EP Amsterdam The Netherlands eu.info@infantino.com<\/li>\n<li><strong>Ostrze\u017cenia na opakowaniu: <\/strong><\/li>\n<li><strong>Instrukcja obs\u0142ugi jest:<\/strong> NIE<\/li>\n<li><strong>Kraj pochodzenia:<\/strong> CHINY<\/li>\n<\/ul>\n","protected":false},"excerpt":{"rendered":"<p>INFANTINO Wie\u017ca do uk\u0142adania &#8211; Magiczna T\u0119cza Nr kat.: 315280 Wielokolorowa wie\u017ca zapewni maluchom wspania\u0142\u0105 zabaw\u0119! Kontrastowe kolory stymuluj\u0105 zmys\u0142y<\/p>\n","protected":false},"featured_media":8095,"comment_status":"open","ping_status":"closed","template":"","meta":[],"product_brand":[],"product_cat":[121,17],"product_tag":[],"class_list":{"0":"post-8049","1":"product","2":"type-product","3":"status-publish","4":"has-post-thumbnail","6":"product_cat-aktywne-i-edukacyjne","7":"product_cat-dla-najmlodszych","9":"first","10":"instock","11":"shipping-taxable","12":"purchasable","13":"product-type-simple"},"_links":{"self":[{"href":"https:\/\/czas.m2web.pl\/index.php?rest_route=\/wp\/v2\/product\/8049","targetHints":{"allow":["GET"]}}],"collection":[{"href":"https:\/\/czas.m2web.pl\/index.php?rest_route=\/wp\/v2\/product"}],"about":[{"href":"https:\/\/czas.m2web.pl\/index.php?rest_route=\/wp\/v2\/types\/product"}],"replies":[{"embeddable":true,"href":"https:\/\/czas.m2web.pl\/index.php?rest_route=%2Fwp%2Fv2%2Fcomments&post=8049"}],"version-history":[{"count":0,"href":"https:\/\/czas.m2web.pl\/index.php?rest_route=\/wp\/v2\/product\/8049\/revisions"}],"wp:featuredmedia":[{"embeddable":true,"href":"https:\/\/czas.m2web.pl\/index.php?rest_route=\/wp\/v2\/media\/8095"}],"wp:attachment":[{"href":"https:\/\/czas.m2web.pl\/index.php?rest_route=%2Fwp%2Fv2%2Fmedia&parent=8049"}],"wp:term":[{"taxonomy":"product_brand","embeddable":true,"href":"https:\/\/czas.m2web.pl\/index.php?rest_route=%2Fwp%2Fv2%2Fproduct_brand&post=8049"},{"taxonomy":"product_cat","embeddable":true,"href":"https:\/\/czas.m2web.pl\/index.php?rest_route=%2Fwp%2Fv2%2Fproduct_cat&post=8049"},{"taxonomy":"product_tag","embeddable":true,"href":"https:\/\/czas.m2web.pl\/index.php?rest_route=%2Fwp%2Fv2%2Fproduct_tag&post=8049"}],"curies":[{"name":"wp","href":"https:\/\/api.w.org\/{rel}","templated":true}]}}