{"id":8298,"date":"2026-01-04T23:24:56","date_gmt":"2026-01-04T22:24:56","guid":{"rendered":"https:\/\/czas.m2web.pl\/?post_type=product&#038;p=8298"},"modified":"2026-01-04T23:25:07","modified_gmt":"2026-01-04T22:25:07","slug":"pamietnik-z-cekinami-3-dlugopisy-wednesday-503607","status":"publish","type":"product","link":"https:\/\/czas.m2web.pl\/?product=pamietnik-z-cekinami-3-dlugopisy-wednesday-503607","title":{"rendered":"Pami\u0119tnik z cekinami +3 d\u0142ugopisy WEDNESDAY 503607"},"content":{"rendered":"<section class=\"section\">\n<div class=\"item item-6\">\n<section class=\"image-item\"><img decoding=\"async\" src=\"https:\/\/upload.cdn.baselinker.com\/products\/3029707\/f2d2bb0502131243e7e4960f9de0e18a.jpg\" \/><\/section>\n<\/div>\n<div class=\"item item-6\">\n<section class=\"text-item\">\n<h1>Pami\u0119tnik z d\u0142ugopisami i cekinami &#8211; WEDNESDAY<\/h1>\n<p>Diakakis 503607<\/p>\n<p><b>Kolorowy pami\u0119tnik z bohaterami animacji Wednesday!<\/b><\/p>\n<p>Pami\u0119tnik wraz z dodatkowymi akcesoriami, dzieki kt\u00f3rym mo\u017cna go dowolnie ozdobi\u0107.<\/p>\n<p><b>W zestawie:<\/b><\/p>\n<ul>\n<li>pami\u0119tnik w linie (60 stron),<\/li>\n<li>3 \u017celowe d\u0142ugopisy,<\/li>\n<li>arkusz naklejek,<\/li>\n<li>pojemniczek z cekinami do ozdabiania,<\/li>\n<li>klej<\/li>\n<\/ul>\n<p>Wymiary pami\u0119tnika 18 x 12 cm.<\/p>\n<p>Wymiary opakowania: 23 x 22 x 5,5 cm.<\/p>\n<p>Wiek: 3+.<\/p>\n<\/section>\n<\/div>\n<\/section>\n<section class=\"section\">\n<div class=\"item item-12\">\n<section class=\"image-item\"><img decoding=\"async\" src=\"https:\/\/upload.cdn.baselinker.com\/products\/3029707\/f2d2bb0502131243e7e4960f9de0e18a.jpg\" \/><\/section>\n<\/div>\n<\/section>\n<section class=\"section\">\n<div class=\"item item-12\">\n<section class=\"image-item\"><img decoding=\"async\" src=\"https:\/\/upload.cdn.baselinker.com\/products\/3029707\/a9e95cc05d00f1e9becaa652b833cebf.jpg\" \/><\/section>\n<\/div>\n<\/section>\n<section class=\"section\">\n<div class=\"item item-12\">\n<section class=\"image-item\"><img decoding=\"async\" src=\"https:\/\/upload.cdn.baselinker.com\/products\/3029707\/4637ce75f6b6e1570bd4f59813003dce.jpg\" \/><\/section>\n<\/div>\n<\/section>\n<section class=\"section\">\n<div class=\"item item-12\">\n<section class=\"image-item\"><img decoding=\"async\" src=\"https:\/\/upload.cdn.baselinker.com\/products\/3029707\/08166def8333e8a97ad3d365b8a21dd7.jpg\" \/><\/section>\n<\/div>\n<\/section>\n","protected":false},"excerpt":{"rendered":"<p>Pami\u0119tnik z d\u0142ugopisami i cekinami &#8211; WEDNESDAY Diakakis 503607 Kolorowy pami\u0119tnik z bohaterami animacji Wednesday! Pami\u0119tnik wraz z dodatkowymi akcesoriami,<\/p>\n","protected":false},"featured_media":8334,"comment_status":"open","ping_status":"closed","template":"","meta":[],"product_brand":[],"product_cat":[285],"product_tag":[],"class_list":{"0":"post-8298","1":"product","2":"type-product","3":"status-publish","4":"has-post-thumbnail","6":"product_cat-zabawki-kreatywne","8":"first","9":"instock","10":"shipping-taxable","11":"purchasable","12":"product-type-simple"},"_links":{"self":[{"href":"https:\/\/czas.m2web.pl\/index.php?rest_route=\/wp\/v2\/product\/8298","targetHints":{"allow":["GET"]}}],"collection":[{"href":"https:\/\/czas.m2web.pl\/index.php?rest_route=\/wp\/v2\/product"}],"about":[{"href":"https:\/\/czas.m2web.pl\/index.php?rest_route=\/wp\/v2\/types\/product"}],"replies":[{"embeddable":true,"href":"https:\/\/czas.m2web.pl\/index.php?rest_route=%2Fwp%2Fv2%2Fcomments&post=8298"}],"version-history":[{"count":0,"href":"https:\/\/czas.m2web.pl\/index.php?rest_route=\/wp\/v2\/product\/8298\/revisions"}],"wp:featuredmedia":[{"embeddable":true,"href":"https:\/\/czas.m2web.pl\/index.php?rest_route=\/wp\/v2\/media\/8334"}],"wp:attachment":[{"href":"https:\/\/czas.m2web.pl\/index.php?rest_route=%2Fwp%2Fv2%2Fmedia&parent=8298"}],"wp:term":[{"taxonomy":"product_brand","embeddable":true,"href":"https:\/\/czas.m2web.pl\/index.php?rest_route=%2Fwp%2Fv2%2Fproduct_brand&post=8298"},{"taxonomy":"product_cat","embeddable":true,"href":"https:\/\/czas.m2web.pl\/index.php?rest_route=%2Fwp%2Fv2%2Fproduct_cat&post=8298"},{"taxonomy":"product_tag","embeddable":true,"href":"https:\/\/czas.m2web.pl\/index.php?rest_route=%2Fwp%2Fv2%2Fproduct_tag&post=8298"}],"curies":[{"name":"wp","href":"https:\/\/api.w.org\/{rel}","templated":true}]}}