{"id":8527,"date":"2026-01-04T23:26:01","date_gmt":"2026-01-04T22:26:01","guid":{"rendered":"https:\/\/czas.m2web.pl\/?post_type=product&#038;p=8527"},"modified":"2026-01-04T23:26:30","modified_gmt":"2026-01-04T22:26:30","slug":"maisto-ferrari-sf90-stradale-limited-edition-1-64-15703-rd","status":"publish","type":"product","link":"https:\/\/czas.m2web.pl\/?product=maisto-ferrari-sf90-stradale-limited-edition-1-64-15703-rd","title":{"rendered":"MAISTO Ferrari SF90 Stradale LIMITED EDITION 1\/64 15703 RD"},"content":{"rendered":"<section class=\"section\">\n<div class=\"item item-6\">\n<section class=\"image-item\">\n            <img decoding=\"async\" src=\"https:\/\/upload.cdn.baselinker.com\/products\/3029707\/a6312f03b92838a499649685713c40d2.jpg\" \/><br \/>\n        <\/section>\n<\/p><\/div>\n<div class=\"item item-6\">\n<section class=\"text-item\">\n<h1>MAISTO Ferrari SF90 Stradale LIMITED EDITION<\/h1>\n<p>Nr kat.: 15703<\/p>\n<p>Skala: 1\/64<\/p>\n<p>Kolor: czerwony<\/p>\n<p><b>Materia\u0142: metal <\/b><b>(podwozie i nadwozie)<\/b><b>\/plastik\/guma<\/b><\/p>\n<p>Limitowana edycja modelu kolekcjonerskiego z serii MAISTO Speed Icons.<\/p>\n<p><b>Model wykonany przez firm\u0119 MAISTO na oficjalnej licencji marki Ferrari.<\/b><\/p>\n<p><b>Pojazd posiada otwierane drzwi, 2-cz\u0119\u015bciowe ko\u0142a z oponami z prawdziwej gumy i jest wykonany z metalowego odlewu (podwozie i nadwozie).<\/b><\/p>\n<p><b>W komplecie pude\u0142ko kolekcjonerskie do przechowywania.<\/b><\/p>\n<p>D\u0142ugo\u015b\u0107 pojazdu: ok. 7,5 cm.<\/p>\n<p>Wymiary opakowania (blistra): 17,5 cm x 14 x 4 cm.<\/p>\n<p>Wiek: 3+.<\/p>\n<\/section><\/div>\n<\/section>\n<section class=\"section\">\n<div class=\"item item-12\">\n<section class=\"image-item\">\n            <img decoding=\"async\" src=\"https:\/\/upload.cdn.baselinker.com\/products\/3029707\/a6312f03b92838a499649685713c40d2.jpg\" \/><br \/>\n        <\/section>\n<\/p><\/div>\n<\/section>\n<section class=\"section\">\n<div class=\"item item-12\">\n<section class=\"image-item\">\n            <img decoding=\"async\" src=\"https:\/\/upload.cdn.baselinker.com\/products\/3029707\/1d6a76af5ffa7d049e5857fd2c0d2c50.jpg\" \/><br \/>\n        <\/section>\n<\/p><\/div>\n<\/section>\n<section class=\"section\">\n<div class=\"item item-6\">\n<section class=\"image-item\">\n            <img decoding=\"async\" src=\"https:\/\/upload.cdn.baselinker.com\/products\/3029707\/c17d63f7990f8e8f74d318fb31871998.jpg\" \/><br \/>\n        <\/section>\n<\/p><\/div>\n<div class=\"item item-6\">\n<section class=\"image-item\">\n            <img decoding=\"async\" src=\"https:\/\/upload.cdn.baselinker.com\/products\/3029707\/f933102ccaee6109daf4eeb1e758cb65.jpg\" \/><br \/>\n        <\/section>\n<\/p><\/div>\n<\/section>\n","protected":false},"excerpt":{"rendered":"<p>MAISTO Ferrari SF90 Stradale LIMITED EDITION Nr kat.: 15703 Skala: 1\/64 Kolor: czerwony Materia\u0142: metal (podwozie i nadwozie)\/plastik\/guma Limitowana edycja<\/p>\n","protected":false},"featured_media":8612,"comment_status":"open","ping_status":"closed","template":"","meta":[],"product_brand":[],"product_cat":[21,23,22],"product_tag":[],"class_list":{"0":"post-8527","1":"product","2":"type-product","3":"status-publish","4":"has-post-thumbnail","6":"product_cat-pojazdy-2","7":"product_cat-pozostale-pojazdy","8":"product_cat-samochody","10":"first","11":"instock","12":"shipping-taxable","13":"purchasable","14":"product-type-simple"},"_links":{"self":[{"href":"https:\/\/czas.m2web.pl\/index.php?rest_route=\/wp\/v2\/product\/8527","targetHints":{"allow":["GET"]}}],"collection":[{"href":"https:\/\/czas.m2web.pl\/index.php?rest_route=\/wp\/v2\/product"}],"about":[{"href":"https:\/\/czas.m2web.pl\/index.php?rest_route=\/wp\/v2\/types\/product"}],"replies":[{"embeddable":true,"href":"https:\/\/czas.m2web.pl\/index.php?rest_route=%2Fwp%2Fv2%2Fcomments&post=8527"}],"version-history":[{"count":0,"href":"https:\/\/czas.m2web.pl\/index.php?rest_route=\/wp\/v2\/product\/8527\/revisions"}],"wp:featuredmedia":[{"embeddable":true,"href":"https:\/\/czas.m2web.pl\/index.php?rest_route=\/wp\/v2\/media\/8612"}],"wp:attachment":[{"href":"https:\/\/czas.m2web.pl\/index.php?rest_route=%2Fwp%2Fv2%2Fmedia&parent=8527"}],"wp:term":[{"taxonomy":"product_brand","embeddable":true,"href":"https:\/\/czas.m2web.pl\/index.php?rest_route=%2Fwp%2Fv2%2Fproduct_brand&post=8527"},{"taxonomy":"product_cat","embeddable":true,"href":"https:\/\/czas.m2web.pl\/index.php?rest_route=%2Fwp%2Fv2%2Fproduct_cat&post=8527"},{"taxonomy":"product_tag","embeddable":true,"href":"https:\/\/czas.m2web.pl\/index.php?rest_route=%2Fwp%2Fv2%2Fproduct_tag&post=8527"}],"curies":[{"name":"wp","href":"https:\/\/api.w.org\/{rel}","templated":true}]}}