{"id":8792,"date":"2026-01-04T23:27:28","date_gmt":"2026-01-04T22:27:28","guid":{"rendered":"https:\/\/czas.m2web.pl\/?post_type=product&#038;p=8792"},"modified":"2026-01-04T23:27:41","modified_gmt":"2026-01-04T22:27:41","slug":"maisto-ferrari-monza-sp1-limited-edition-1-64-15702-sl","status":"publish","type":"product","link":"https:\/\/czas.m2web.pl\/?product=maisto-ferrari-monza-sp1-limited-edition-1-64-15702-sl","title":{"rendered":"MAISTO Ferrari Monza SP1 LIMITED EDITION 1\/64 15702 SL"},"content":{"rendered":"<section class=\"section\">\n<div class=\"item item-6\">\n<section class=\"image-item\">             <img decoding=\"async\" src=\"https:\/\/upload.cdn.baselinker.com\/products\/3029707\/bd6ae9219398294ab9e7e775f35cbe45.jpg\" \/>         <\/section>\n<\/p><\/div>\n<div class=\"item item-6\">\n<section class=\"text-item\">\n<h1>MAISTO Ferrari\u00a0Monza SP1 LIMITED EDITION<\/h1>\n<p>Nr kat.: 15702SL<\/p>\n<p>Skala: 1\/64<\/p>\n<p>Kolor: srebrny metalik<\/p>\n<p><b>Materia\u0142: metal <\/b><b>(podwozie i nadwozie)<\/b><b>\/plastik\/guma<\/b><\/p>\n<p>Limitowana edycja modelu kolekcjonerskiego z serii MAISTO Speed Icons.<\/p>\n<p><b>Model wykonany przez firm\u0119 MAISTO na oficjalnej licencji marki Ferrari.<\/b><\/p>\n<p><b>Pojazd posiada otwierany baga\u017cnik, 2-cz\u0119\u015bciowe ko\u0142a z oponami z prawdziwej gumy i jest wykonany z metalowego odlewu (podwozie i nadwozie).<\/b><\/p>\n<p><b>W komplecie pude\u0142ko kolekcjonerskie do przechowywania.<\/b><\/p>\n<p>D\u0142ugo\u015b\u0107 pojazdu: ok. 7,5 cm.<\/p>\n<p>Wymiary opakowania (blistra): 17,5 cm x 14 x 4 cm.<\/p>\n<p>Wiek: 3+.<\/p>\n<\/section><\/div>\n<\/section>\n<section class=\"section\">\n<div class=\"item item-12\">\n<section class=\"image-item\">             <img decoding=\"async\" src=\"https:\/\/upload.cdn.baselinker.com\/products\/3029707\/bd6ae9219398294ab9e7e775f35cbe45.jpg\" \/>         <\/section>\n<\/p><\/div>\n<\/section>\n<section class=\"section\">\n<div class=\"item item-12\">\n<section class=\"image-item\">             <img decoding=\"async\" src=\"https:\/\/upload.cdn.baselinker.com\/products\/3029707\/f4302c6b0bf271e983b6890fd1445f3e.jpg\" \/>         <\/section>\n<\/p><\/div>\n<\/section>\n<p><strong>Dodatkowe informacje:<\/strong><\/p>\n","protected":false},"excerpt":{"rendered":"<p>MAISTO Ferrari\u00a0Monza SP1 LIMITED EDITION Nr kat.: 15702SL Skala: 1\/64 Kolor: srebrny metalik Materia\u0142: metal (podwozie i nadwozie)\/plastik\/guma Limitowana edycja<\/p>\n","protected":false},"featured_media":8833,"comment_status":"open","ping_status":"closed","template":"","meta":[],"product_brand":[],"product_cat":[21,23,22],"product_tag":[],"class_list":{"0":"post-8792","1":"product","2":"type-product","3":"status-publish","4":"has-post-thumbnail","6":"product_cat-pojazdy-2","7":"product_cat-pozostale-pojazdy","8":"product_cat-samochody","10":"first","11":"instock","12":"shipping-taxable","13":"purchasable","14":"product-type-simple"},"_links":{"self":[{"href":"https:\/\/czas.m2web.pl\/index.php?rest_route=\/wp\/v2\/product\/8792","targetHints":{"allow":["GET"]}}],"collection":[{"href":"https:\/\/czas.m2web.pl\/index.php?rest_route=\/wp\/v2\/product"}],"about":[{"href":"https:\/\/czas.m2web.pl\/index.php?rest_route=\/wp\/v2\/types\/product"}],"replies":[{"embeddable":true,"href":"https:\/\/czas.m2web.pl\/index.php?rest_route=%2Fwp%2Fv2%2Fcomments&post=8792"}],"version-history":[{"count":0,"href":"https:\/\/czas.m2web.pl\/index.php?rest_route=\/wp\/v2\/product\/8792\/revisions"}],"wp:featuredmedia":[{"embeddable":true,"href":"https:\/\/czas.m2web.pl\/index.php?rest_route=\/wp\/v2\/media\/8833"}],"wp:attachment":[{"href":"https:\/\/czas.m2web.pl\/index.php?rest_route=%2Fwp%2Fv2%2Fmedia&parent=8792"}],"wp:term":[{"taxonomy":"product_brand","embeddable":true,"href":"https:\/\/czas.m2web.pl\/index.php?rest_route=%2Fwp%2Fv2%2Fproduct_brand&post=8792"},{"taxonomy":"product_cat","embeddable":true,"href":"https:\/\/czas.m2web.pl\/index.php?rest_route=%2Fwp%2Fv2%2Fproduct_cat&post=8792"},{"taxonomy":"product_tag","embeddable":true,"href":"https:\/\/czas.m2web.pl\/index.php?rest_route=%2Fwp%2Fv2%2Fproduct_tag&post=8792"}],"curies":[{"name":"wp","href":"https:\/\/api.w.org\/{rel}","templated":true}]}}