{"id":8872,"date":"2026-01-04T23:27:51","date_gmt":"2026-01-04T22:27:51","guid":{"rendered":"https:\/\/czas.m2web.pl\/?post_type=product&#038;p=8872"},"modified":"2026-01-04T23:28:27","modified_gmt":"2026-01-04T22:28:27","slug":"hot-focus-804rb-kosmetyczka-z-przyborami-podroznymi-tecza","status":"publish","type":"product","link":"https:\/\/czas.m2web.pl\/?product=hot-focus-804rb-kosmetyczka-z-przyborami-podroznymi-tecza","title":{"rendered":"HOT FOCUS 804RB Kosmetyczka z przyborami podr\u00f3\u017cnymi T\u0119cza"},"content":{"rendered":"<section class=\"section\">\n<div class=\"item item-6\">\n<section class=\"image-item\">\n            <img decoding=\"async\" src=\"https:\/\/upload.cdn.baselinker.com\/products\/3029707\/0dde991a77f640902c82018fabd5fc15.jpg\" \/><br \/>\n        <\/section>\n<\/p><\/div>\n<div class=\"item item-6\">\n<section class=\"text-item\">\n<h1>Kosmetyczka z przyborami podr\u00f3\u017cnymi T\u0119cza<\/h1>\n<p>Hot Focus\u00a0175804RB<\/p>\n<p>Kosmetyczka zawiera:<\/p>\n<ul>\n<li>sk\u0142adana szczotka do w\u0142os\u00f3w z lusterkiem i brokatowymi ozdobami<\/li>\n<li>sk\u0142adana szczoteczka do z\u0119b\u00f3w<\/li>\n<li>plastikowa buteleczka<\/li>\n<li>plastikowa buteleczka z atomizerem<\/li>\n<li>2 odkr\u0119cane mini-pojemniczki<\/li>\n<\/ul>\n<p>Zestaw zapakowany w przezroczyst\u0105 kosmetyczk\u0119 z paskiem idealnie nadaj\u0105c\u0105 si\u0119 na podr\u00f3\u017c.\u00a0<\/p>\n<p>Wiek: 5+<\/p>\n<p>Wymiary: 23 x 15 x 7 cm.<\/p>\n<\/section><\/div>\n<\/section>\n","protected":false},"excerpt":{"rendered":"<section class=\"section\">\n<div class=\"item item-12\">\n<section class=\"image-item\">\n            <img decoding=\"async\" src=\"https:\/\/upload.cdn.baselinker.com\/products\/3029707\/0dde991a77f640902c82018fabd5fc15.jpg\" \/><br \/>\n        <\/section>\n<\/p><\/div>\n<\/section>\n","protected":false},"featured_media":8943,"comment_status":"open","ping_status":"closed","template":"","meta":[],"product_brand":[],"product_cat":[284],"product_tag":[],"class_list":{"0":"post-8872","1":"product","2":"type-product","3":"status-publish","4":"has-post-thumbnail","6":"product_cat-dla-dziewczynki","8":"first","9":"instock","10":"shipping-taxable","11":"purchasable","12":"product-type-simple"},"_links":{"self":[{"href":"https:\/\/czas.m2web.pl\/index.php?rest_route=\/wp\/v2\/product\/8872","targetHints":{"allow":["GET"]}}],"collection":[{"href":"https:\/\/czas.m2web.pl\/index.php?rest_route=\/wp\/v2\/product"}],"about":[{"href":"https:\/\/czas.m2web.pl\/index.php?rest_route=\/wp\/v2\/types\/product"}],"replies":[{"embeddable":true,"href":"https:\/\/czas.m2web.pl\/index.php?rest_route=%2Fwp%2Fv2%2Fcomments&post=8872"}],"version-history":[{"count":0,"href":"https:\/\/czas.m2web.pl\/index.php?rest_route=\/wp\/v2\/product\/8872\/revisions"}],"wp:featuredmedia":[{"embeddable":true,"href":"https:\/\/czas.m2web.pl\/index.php?rest_route=\/wp\/v2\/media\/8943"}],"wp:attachment":[{"href":"https:\/\/czas.m2web.pl\/index.php?rest_route=%2Fwp%2Fv2%2Fmedia&parent=8872"}],"wp:term":[{"taxonomy":"product_brand","embeddable":true,"href":"https:\/\/czas.m2web.pl\/index.php?rest_route=%2Fwp%2Fv2%2Fproduct_brand&post=8872"},{"taxonomy":"product_cat","embeddable":true,"href":"https:\/\/czas.m2web.pl\/index.php?rest_route=%2Fwp%2Fv2%2Fproduct_cat&post=8872"},{"taxonomy":"product_tag","embeddable":true,"href":"https:\/\/czas.m2web.pl\/index.php?rest_route=%2Fwp%2Fv2%2Fproduct_tag&post=8872"}],"curies":[{"name":"wp","href":"https:\/\/api.w.org\/{rel}","templated":true}]}}