{"id":8913,"date":"2026-01-04T23:28:12","date_gmt":"2026-01-04T22:28:12","guid":{"rendered":"https:\/\/czas.m2web.pl\/?post_type=product&#038;p=8913"},"modified":"2026-01-04T23:28:41","modified_gmt":"2026-01-04T22:28:41","slug":"hot-focus-294cr-wielofunkcyjny-piornik-z-kalkulatorem-miski","status":"publish","type":"product","link":"https:\/\/czas.m2web.pl\/?product=hot-focus-294cr-wielofunkcyjny-piornik-z-kalkulatorem-miski","title":{"rendered":"HOT FOCUS 294CR Wielofunkcyjny pi\u00f3rnik z kalkulatorem  &#8211; Mi\u015bki"},"content":{"rendered":"<section class=\"section\">\n<div class=\"item item-6\">\n<section class=\"image-item\">\n            <img decoding=\"async\" src=\"https:\/\/upload.cdn.baselinker.com\/products\/3029707\/2536585536621cd30e4e49c779f6d800.jpg\" \/><br \/>\n        <\/section>\n<\/p><\/div>\n<div class=\"item item-6\">\n<section class=\"text-item\">\n<h1>Pi\u00f3rnik z kalkulatorem &#8211; Mi\u015bki<\/h1>\n<p>Hot Focus 175294CR<\/p>\n<p>Nietypowy wielofunkcyjny pi\u00f3rnik z akcesoriami!<\/p>\n<p>Ka\u017cdy przycisk otwiera now\u0105 przegr\u00f3dk\u0119 do schowania r\u00f3\u017cnych drobiazg\u00f3w.<\/p>\n<p>Pi\u00f3rnik zawiera dwie zamykane komory na przybory szkolne, jedn\u0105 szufladk\u0119, 1 mini-pojemnik, wysuwany podstawowy kalkulator, wysuwan\u0105 temper\u00f3wk\u0119.\u00a0<\/p>\n<p>Kolor: r\u00f3\u017cowy\/wielokolorowy<\/p>\n<p>Wiek: 5+<\/p>\n<p>Wymiary: 26 x 10,5 x 3,5 cm.<\/p>\n<\/section><\/div>\n<\/section>\n<section class=\"section\">\n<div class=\"item item-12\">\n<section class=\"image-item\">\n            <img decoding=\"async\" src=\"https:\/\/upload.cdn.baselinker.com\/products\/3029707\/849f397ab46e9be69eae3c8f9240e89e.webp\" \/><br \/>\n        <\/section>\n<\/p><\/div>\n<\/section>\n","protected":false},"excerpt":{"rendered":"<section class=\"section\">\n<div class=\"item item-12\">\n<section class=\"text-item\">\n<\/section><\/div>\n<\/section>\n","protected":false},"featured_media":8975,"comment_status":"open","ping_status":"closed","template":"","meta":[],"product_brand":[],"product_cat":[284],"product_tag":[],"class_list":{"0":"post-8913","1":"product","2":"type-product","3":"status-publish","4":"has-post-thumbnail","6":"product_cat-dla-dziewczynki","8":"first","9":"instock","10":"shipping-taxable","11":"purchasable","12":"product-type-simple"},"_links":{"self":[{"href":"https:\/\/czas.m2web.pl\/index.php?rest_route=\/wp\/v2\/product\/8913","targetHints":{"allow":["GET"]}}],"collection":[{"href":"https:\/\/czas.m2web.pl\/index.php?rest_route=\/wp\/v2\/product"}],"about":[{"href":"https:\/\/czas.m2web.pl\/index.php?rest_route=\/wp\/v2\/types\/product"}],"replies":[{"embeddable":true,"href":"https:\/\/czas.m2web.pl\/index.php?rest_route=%2Fwp%2Fv2%2Fcomments&post=8913"}],"version-history":[{"count":0,"href":"https:\/\/czas.m2web.pl\/index.php?rest_route=\/wp\/v2\/product\/8913\/revisions"}],"wp:featuredmedia":[{"embeddable":true,"href":"https:\/\/czas.m2web.pl\/index.php?rest_route=\/wp\/v2\/media\/8975"}],"wp:attachment":[{"href":"https:\/\/czas.m2web.pl\/index.php?rest_route=%2Fwp%2Fv2%2Fmedia&parent=8913"}],"wp:term":[{"taxonomy":"product_brand","embeddable":true,"href":"https:\/\/czas.m2web.pl\/index.php?rest_route=%2Fwp%2Fv2%2Fproduct_brand&post=8913"},{"taxonomy":"product_cat","embeddable":true,"href":"https:\/\/czas.m2web.pl\/index.php?rest_route=%2Fwp%2Fv2%2Fproduct_cat&post=8913"},{"taxonomy":"product_tag","embeddable":true,"href":"https:\/\/czas.m2web.pl\/index.php?rest_route=%2Fwp%2Fv2%2Fproduct_tag&post=8913"}],"curies":[{"name":"wp","href":"https:\/\/api.w.org\/{rel}","templated":true}]}}