{"id":9008,"date":"2026-01-04T23:28:54","date_gmt":"2026-01-04T22:28:54","guid":{"rendered":"https:\/\/czas.m2web.pl\/?post_type=product&#038;p=9008"},"modified":"2026-01-04T23:29:17","modified_gmt":"2026-01-04T22:29:17","slug":"hot-focus-258gf-notatnik-na-spirali-z-saszetka-kwiatki","status":"publish","type":"product","link":"https:\/\/czas.m2web.pl\/?product=hot-focus-258gf-notatnik-na-spirali-z-saszetka-kwiatki","title":{"rendered":"HOT FOCUS 258GF Notatnik na spirali z saszetk\u0105- Kwiatki"},"content":{"rendered":"<section class=\"section\">\n<div class=\"item item-6\">\n<section class=\"image-item\">\n            <img decoding=\"async\" src=\"https:\/\/upload.cdn.baselinker.com\/products\/3029707\/b31f2f7c09253d96d131fd6bbf2b6ac0.jpg\" \/><br \/>\n        <\/section>\n<\/p><\/div>\n<div class=\"item item-6\">\n<section class=\"text-item\">\n<h1>Notatnik na spirali z saszetk\u0105 &#8211; Kwiatki<\/h1>\n<p>Hot Focus 175258GF<\/p>\n<p>Zestaw zawiera:<\/p>\n<ul>\n<li>du\u017cy ko\u0142ozeszyt w linie, 100 kartek<\/li>\n<li>4 d\u0142ugopisy \u017celowe<\/li>\n<li>3 wzory klej\u0105cych karteczek<\/li>\n<\/ul>\n<p>Akcesoria zosta\u0142y zapakowane w ozdobn\u0105 saszetk\u0119 zamykan\u0105 na suwak do wygodnego przenoszenia.\u00a0<\/p>\n<p>Wymiary notesu 26,5 x 19 cm<\/p>\n<p>Wiek: 5+.<\/p>\n<\/section><\/div>\n<\/section>\n<section class=\"section\">\n<div class=\"item item-12\">\n<section class=\"image-item\">\n            <img decoding=\"async\" src=\"https:\/\/upload.cdn.baselinker.com\/products\/3029707\/b31f2f7c09253d96d131fd6bbf2b6ac0.jpg\" \/><br \/>\n        <\/section>\n<\/p><\/div>\n<\/section>\n","protected":false},"excerpt":{"rendered":"<section class=\"section\">\n<div class=\"item item-12\">\n<section class=\"image-item\">\n            <img decoding=\"async\" src=\"https:\/\/upload.cdn.baselinker.com\/products\/3029707\/34a9f30b0ca11a2977fe52f9fc7134b0.webp\" \/><br \/>\n        <\/section>\n<\/p><\/div>\n<\/section>\n","protected":false},"featured_media":9082,"comment_status":"open","ping_status":"closed","template":"","meta":[],"product_brand":[],"product_cat":[284],"product_tag":[],"class_list":{"0":"post-9008","1":"product","2":"type-product","3":"status-publish","4":"has-post-thumbnail","6":"product_cat-dla-dziewczynki","8":"first","9":"instock","10":"shipping-taxable","11":"purchasable","12":"product-type-simple"},"_links":{"self":[{"href":"https:\/\/czas.m2web.pl\/index.php?rest_route=\/wp\/v2\/product\/9008","targetHints":{"allow":["GET"]}}],"collection":[{"href":"https:\/\/czas.m2web.pl\/index.php?rest_route=\/wp\/v2\/product"}],"about":[{"href":"https:\/\/czas.m2web.pl\/index.php?rest_route=\/wp\/v2\/types\/product"}],"replies":[{"embeddable":true,"href":"https:\/\/czas.m2web.pl\/index.php?rest_route=%2Fwp%2Fv2%2Fcomments&post=9008"}],"version-history":[{"count":0,"href":"https:\/\/czas.m2web.pl\/index.php?rest_route=\/wp\/v2\/product\/9008\/revisions"}],"wp:featuredmedia":[{"embeddable":true,"href":"https:\/\/czas.m2web.pl\/index.php?rest_route=\/wp\/v2\/media\/9082"}],"wp:attachment":[{"href":"https:\/\/czas.m2web.pl\/index.php?rest_route=%2Fwp%2Fv2%2Fmedia&parent=9008"}],"wp:term":[{"taxonomy":"product_brand","embeddable":true,"href":"https:\/\/czas.m2web.pl\/index.php?rest_route=%2Fwp%2Fv2%2Fproduct_brand&post=9008"},{"taxonomy":"product_cat","embeddable":true,"href":"https:\/\/czas.m2web.pl\/index.php?rest_route=%2Fwp%2Fv2%2Fproduct_cat&post=9008"},{"taxonomy":"product_tag","embeddable":true,"href":"https:\/\/czas.m2web.pl\/index.php?rest_route=%2Fwp%2Fv2%2Fproduct_tag&post=9008"}],"curies":[{"name":"wp","href":"https:\/\/api.w.org\/{rel}","templated":true}]}}