{"id":9209,"date":"2026-01-04T23:29:59","date_gmt":"2026-01-04T22:29:59","guid":{"rendered":"https:\/\/czas.m2web.pl\/?post_type=product&#038;p=9209"},"modified":"2026-01-04T23:30:21","modified_gmt":"2026-01-04T22:30:21","slug":"diakakis-znikopis-27-x-20-kuromi-490192","status":"publish","type":"product","link":"https:\/\/czas.m2web.pl\/?product=diakakis-znikopis-27-x-20-kuromi-490192","title":{"rendered":"Diakakis Znikopis 27 x 20 Kuromi 490192"},"content":{"rendered":"<section class=\"section\">\n<div class=\"item item-6\">\n<section class=\"image-item\">\n            <img decoding=\"async\" src=\"https:\/\/upload.cdn.baselinker.com\/products\/3029707\/e693aa73897aa3efccb1bea18a9ab4f1.jpg\" \/><br \/>\n        <\/section>\n<\/p><\/div>\n<div class=\"item item-6\">\n<section class=\"text-item\">\n<h1>Znikopis Kuromi<\/h1>\n<p>Diakakis 490192<\/p>\n<p>Znikopis z ma\u0142ym ekranem to doskona\u0142a zabawka do rysowania i pisania dla pocz\u0105tkuj\u0105cych. Ma magnetyczny ekran do malowania, specjalny d\u0142ugopis oraz przesuwan\u0105 poprzeczk\u0119 do \u0142atwego i szybkiego wymazywania rysunk\u00f3w oraz\u00a03 piecz\u0105tki. Dzi\u0119ki kompaktowym rozmiarom idealnie sprawdza si\u0119 w przeno\u015bnych warunkach: na spacerach, w podr\u00f3\u017cy.<\/p>\n<ul>\n<li>Wymiary opakowania: 33 x 25 cm.<\/li>\n<li>Wymiary ekranu: 18 cm x 11 cm.<\/li>\n<li>Wymiary znikopisu: 27 x 20 cm.<\/li>\n<li>Wiek: 3+.<\/li>\n<\/ul>\n<\/section><\/div>\n<\/section>\n<section class=\"section\">\n<div class=\"item item-12\">\n<section class=\"image-item\">\n            <img decoding=\"async\" src=\"https:\/\/upload.cdn.baselinker.com\/products\/3029707\/e693aa73897aa3efccb1bea18a9ab4f1.jpg\" \/><br \/>\n        <\/section>\n<\/p><\/div>\n<\/section>\n<section class=\"section\">\n<div class=\"item item-12\">\n<section class=\"image-item\">\n            <img decoding=\"async\" src=\"https:\/\/upload.cdn.baselinker.com\/products\/3029707\/e15c34a154460db1354593080419325a.jpg\" \/><br \/>\n        <\/section>\n<\/p><\/div>\n<\/section>\n","protected":false},"excerpt":{"rendered":"<p>Znikopis Kuromi Diakakis 490192 Znikopis z ma\u0142ym ekranem to doskona\u0142a zabawka do rysowania i pisania dla pocz\u0105tkuj\u0105cych. Ma magnetyczny ekran<\/p>\n","protected":false},"featured_media":9289,"comment_status":"open","ping_status":"closed","template":"","meta":[],"product_brand":[],"product_cat":[284],"product_tag":[],"class_list":{"0":"post-9209","1":"product","2":"type-product","3":"status-publish","4":"has-post-thumbnail","6":"product_cat-dla-dziewczynki","8":"first","9":"instock","10":"shipping-taxable","11":"purchasable","12":"product-type-simple"},"_links":{"self":[{"href":"https:\/\/czas.m2web.pl\/index.php?rest_route=\/wp\/v2\/product\/9209","targetHints":{"allow":["GET"]}}],"collection":[{"href":"https:\/\/czas.m2web.pl\/index.php?rest_route=\/wp\/v2\/product"}],"about":[{"href":"https:\/\/czas.m2web.pl\/index.php?rest_route=\/wp\/v2\/types\/product"}],"replies":[{"embeddable":true,"href":"https:\/\/czas.m2web.pl\/index.php?rest_route=%2Fwp%2Fv2%2Fcomments&post=9209"}],"version-history":[{"count":0,"href":"https:\/\/czas.m2web.pl\/index.php?rest_route=\/wp\/v2\/product\/9209\/revisions"}],"wp:featuredmedia":[{"embeddable":true,"href":"https:\/\/czas.m2web.pl\/index.php?rest_route=\/wp\/v2\/media\/9289"}],"wp:attachment":[{"href":"https:\/\/czas.m2web.pl\/index.php?rest_route=%2Fwp%2Fv2%2Fmedia&parent=9209"}],"wp:term":[{"taxonomy":"product_brand","embeddable":true,"href":"https:\/\/czas.m2web.pl\/index.php?rest_route=%2Fwp%2Fv2%2Fproduct_brand&post=9209"},{"taxonomy":"product_cat","embeddable":true,"href":"https:\/\/czas.m2web.pl\/index.php?rest_route=%2Fwp%2Fv2%2Fproduct_cat&post=9209"},{"taxonomy":"product_tag","embeddable":true,"href":"https:\/\/czas.m2web.pl\/index.php?rest_route=%2Fwp%2Fv2%2Fproduct_tag&post=9209"}],"curies":[{"name":"wp","href":"https:\/\/api.w.org\/{rel}","templated":true}]}}