{"id":9343,"date":"2026-01-04T23:30:41","date_gmt":"2026-01-04T22:30:41","guid":{"rendered":"https:\/\/czas.m2web.pl\/?post_type=product&#038;p=9343"},"modified":"2026-01-04T23:31:04","modified_gmt":"2026-01-04T22:31:04","slug":"pamietnik-z-cekinami-dlugopis-my-melody-490100","status":"publish","type":"product","link":"https:\/\/czas.m2web.pl\/?product=pamietnik-z-cekinami-dlugopis-my-melody-490100","title":{"rendered":"Pami\u0119tnik z cekinami + d\u0142ugopis My Melody 490100"},"content":{"rendered":"<section class=\"section\">\n<div class=\"item item-6\">\n<section class=\"image-item\">\n            <img decoding=\"async\" src=\"https:\/\/upload.cdn.baselinker.com\/products\/3029707\/47a11d22d2b276d3f0d76fde82d690da.jpg\" \/><br \/>\n        <\/section>\n<\/p><\/div>\n<div class=\"item item-6\">\n<section class=\"text-item\">\n<h1>Pami\u0119tnik z d\u0142ugopisem i cekinami &#8211; My Melody<\/h1>\n<p>Diakakis 490100<\/p>\n<p><b>Kolorowy pami\u0119tnik z bohaterami My Melody!<\/b><\/p>\n<p>Pami\u0119tnik wraz z dodatkowymi akcesoriami, dzi\u0119ki kt\u00f3rym mo\u017cna go dowolnie ozdobi\u0107.<\/p>\n<p><b>W zestawie:<\/b><\/p>\n<ul>\n<li>pami\u0119tnik w linie (60 stron),<\/li>\n<li>d\u0142ugopis z pomponem,<\/li>\n<li>arkusz naklejek,<\/li>\n<li>zestaw cekin\u00f3w do ozdabiania,<\/li>\n<li>brokatowy klej.<\/li>\n<\/ul>\n<p>Wymiary pami\u0119tnika 20 x 15 cm.<\/p>\n<p>Wymiary opakowania: 27,5 x 22,5 x 4,5 cm.<\/p>\n<p>Wiek: 3+.<\/p>\n<\/section><\/div>\n<\/section>\n<section class=\"section\">\n<div class=\"item item-12\">\n<section class=\"image-item\">\n            <img decoding=\"async\" src=\"https:\/\/upload.cdn.baselinker.com\/products\/3029707\/47a11d22d2b276d3f0d76fde82d690da.jpg\" \/><br \/>\n        <\/section>\n<\/p><\/div>\n<\/section>\n<section class=\"section\">\n<div class=\"item item-12\">\n<section class=\"image-item\">\n            <img decoding=\"async\" src=\"https:\/\/upload.cdn.baselinker.com\/products\/3029707\/de84fd7ab032cd2bfafa9400c83f639b.jpg\" \/><br \/>\n        <\/section>\n<\/p><\/div>\n<\/section>\n<section class=\"section\">\n<div class=\"item item-12\">\n<section class=\"image-item\">\n            <img decoding=\"async\" src=\"https:\/\/upload.cdn.baselinker.com\/products\/3029707\/c9a00a6d98c921818af3f36a5b1ebe1f.jpg\" \/><br \/>\n        <\/section>\n<\/p><\/div>\n<\/section>\n<section class=\"section\">\n<div class=\"item item-6\">\n<section class=\"image-item\">\n            <img decoding=\"async\" src=\"https:\/\/upload.cdn.baselinker.com\/products\/3029707\/cf91c9a0f029f556baa858992f4159fe.jpg\" \/><br \/>\n        <\/section>\n<\/p><\/div>\n<div class=\"item item-6\">\n<section class=\"image-item\">\n            <img decoding=\"async\" src=\"https:\/\/upload.cdn.baselinker.com\/products\/3029707\/cc855e03bfd2dcc6ca74a4972c15505e.jpg\" \/><br \/>\n        <\/section>\n<\/p><\/div>\n<\/section>\n<section class=\"section\">\n<div class=\"item item-12\">\n<section class=\"image-item\">\n            <img decoding=\"async\" src=\"https:\/\/upload.cdn.baselinker.com\/products\/3029707\/1deaee835c60420058677e686bac8f9f.jpg\" \/><br \/>\n        <\/section>\n<\/p><\/div>\n<\/section>\n","protected":false},"excerpt":{"rendered":"<p>Pami\u0119tnik z d\u0142ugopisem i cekinami &#8211; My Melody Diakakis 490100 Kolorowy pami\u0119tnik z bohaterami My Melody! Pami\u0119tnik wraz z dodatkowymi<\/p>\n","protected":false},"featured_media":9406,"comment_status":"open","ping_status":"closed","template":"","meta":[],"product_brand":[],"product_cat":[122],"product_tag":[],"class_list":{"0":"post-9343","1":"product","2":"type-product","3":"status-publish","4":"has-post-thumbnail","6":"product_cat-artykuly-szkolne","8":"first","9":"instock","10":"shipping-taxable","11":"purchasable","12":"product-type-simple"},"_links":{"self":[{"href":"https:\/\/czas.m2web.pl\/index.php?rest_route=\/wp\/v2\/product\/9343","targetHints":{"allow":["GET"]}}],"collection":[{"href":"https:\/\/czas.m2web.pl\/index.php?rest_route=\/wp\/v2\/product"}],"about":[{"href":"https:\/\/czas.m2web.pl\/index.php?rest_route=\/wp\/v2\/types\/product"}],"replies":[{"embeddable":true,"href":"https:\/\/czas.m2web.pl\/index.php?rest_route=%2Fwp%2Fv2%2Fcomments&post=9343"}],"version-history":[{"count":0,"href":"https:\/\/czas.m2web.pl\/index.php?rest_route=\/wp\/v2\/product\/9343\/revisions"}],"wp:featuredmedia":[{"embeddable":true,"href":"https:\/\/czas.m2web.pl\/index.php?rest_route=\/wp\/v2\/media\/9406"}],"wp:attachment":[{"href":"https:\/\/czas.m2web.pl\/index.php?rest_route=%2Fwp%2Fv2%2Fmedia&parent=9343"}],"wp:term":[{"taxonomy":"product_brand","embeddable":true,"href":"https:\/\/czas.m2web.pl\/index.php?rest_route=%2Fwp%2Fv2%2Fproduct_brand&post=9343"},{"taxonomy":"product_cat","embeddable":true,"href":"https:\/\/czas.m2web.pl\/index.php?rest_route=%2Fwp%2Fv2%2Fproduct_cat&post=9343"},{"taxonomy":"product_tag","embeddable":true,"href":"https:\/\/czas.m2web.pl\/index.php?rest_route=%2Fwp%2Fv2%2Fproduct_tag&post=9343"}],"curies":[{"name":"wp","href":"https:\/\/api.w.org\/{rel}","templated":true}]}}