{"id":9463,"date":"2026-01-04T23:31:25","date_gmt":"2026-01-04T22:31:25","guid":{"rendered":"https:\/\/czas.m2web.pl\/?post_type=product&#038;p=9463"},"modified":"2026-01-04T23:31:33","modified_gmt":"2026-01-04T22:31:33","slug":"maisto-ciezarowka-mercedes-unimog-zamiatarka-21238","status":"publish","type":"product","link":"https:\/\/czas.m2web.pl\/?product=maisto-ciezarowka-mercedes-unimog-zamiatarka-21238","title":{"rendered":"MAISTO Ci\u0119\u017car\u00f3wka Mercedes Unimog &#8211; Zamiatarka 21238"},"content":{"rendered":"<section class=\"section\">\n<div class=\"item item-6\">\n<section class=\"image-item\">\n            <img decoding=\"async\" src=\"https:\/\/upload.cdn.baselinker.com\/products\/3029707\/366072b4a5c9b32e818389ac70c5bc9a.jpg\" \/><br \/>\n        <\/section>\n<\/p><\/div>\n<div class=\"item item-6\">\n<section class=\"text-item\">\n<h1>MAISTO Mercedes Unimog &#8211; Zamiatarka<\/h1>\n<p>Nr kat.: 21238\/77747<\/p>\n<p>Ci\u0119\u017car\u00f3wka Mercedes Unimog &#8211; Zamiatarka.<\/p>\n<p>Pojazd posiada podnoszony kontener z otwieran\u0105 klap\u0105 na piasek lub s\u00f3l drogow\u0105.<\/p>\n<p>Model wykonany z plastiku z metalowymi elementami (kabina pojazdu).<\/p>\n<p>Posiada gumowe opony. Model bez nap\u0119du.<\/p>\n<ul>\n<li>Wymiary pojazdu: ok. 13,5 x 7 x 6,5 cm.<\/li>\n<li>Wymiary opakowania: 17 cm x 11 cm x 7 cm.<\/li>\n<li>Kolor: \u017c\u00f3\u0142ty.<\/li>\n<li>Wiek: 3+.<\/li>\n<\/ul>\n<\/section><\/div>\n<\/section>\n<section class=\"section\">\n<div class=\"item item-12\">\n<section class=\"image-item\">\n            <img decoding=\"async\" src=\"https:\/\/upload.cdn.baselinker.com\/products\/3029707\/366072b4a5c9b32e818389ac70c5bc9a.jpg\" \/><br \/>\n        <\/section>\n<\/p><\/div>\n<\/section>\n","protected":false},"excerpt":{"rendered":"<p>MAISTO Mercedes Unimog &#8211; Zamiatarka Nr kat.: 21238\/77747 Ci\u0119\u017car\u00f3wka Mercedes Unimog &#8211; Zamiatarka. Pojazd posiada podnoszony kontener z otwieran\u0105 klap\u0105<\/p>\n","protected":false},"featured_media":9494,"comment_status":"open","ping_status":"closed","template":"","meta":[],"product_brand":[],"product_cat":[21,23,22],"product_tag":[],"class_list":{"0":"post-9463","1":"product","2":"type-product","3":"status-publish","4":"has-post-thumbnail","6":"product_cat-pojazdy-2","7":"product_cat-pozostale-pojazdy","8":"product_cat-samochody","10":"first","11":"instock","12":"shipping-taxable","13":"purchasable","14":"product-type-simple"},"_links":{"self":[{"href":"https:\/\/czas.m2web.pl\/index.php?rest_route=\/wp\/v2\/product\/9463","targetHints":{"allow":["GET"]}}],"collection":[{"href":"https:\/\/czas.m2web.pl\/index.php?rest_route=\/wp\/v2\/product"}],"about":[{"href":"https:\/\/czas.m2web.pl\/index.php?rest_route=\/wp\/v2\/types\/product"}],"replies":[{"embeddable":true,"href":"https:\/\/czas.m2web.pl\/index.php?rest_route=%2Fwp%2Fv2%2Fcomments&post=9463"}],"version-history":[{"count":0,"href":"https:\/\/czas.m2web.pl\/index.php?rest_route=\/wp\/v2\/product\/9463\/revisions"}],"wp:featuredmedia":[{"embeddable":true,"href":"https:\/\/czas.m2web.pl\/index.php?rest_route=\/wp\/v2\/media\/9494"}],"wp:attachment":[{"href":"https:\/\/czas.m2web.pl\/index.php?rest_route=%2Fwp%2Fv2%2Fmedia&parent=9463"}],"wp:term":[{"taxonomy":"product_brand","embeddable":true,"href":"https:\/\/czas.m2web.pl\/index.php?rest_route=%2Fwp%2Fv2%2Fproduct_brand&post=9463"},{"taxonomy":"product_cat","embeddable":true,"href":"https:\/\/czas.m2web.pl\/index.php?rest_route=%2Fwp%2Fv2%2Fproduct_cat&post=9463"},{"taxonomy":"product_tag","embeddable":true,"href":"https:\/\/czas.m2web.pl\/index.php?rest_route=%2Fwp%2Fv2%2Fproduct_tag&post=9463"}],"curies":[{"name":"wp","href":"https:\/\/api.w.org\/{rel}","templated":true}]}}