{"id":9466,"date":"2026-01-04T23:31:25","date_gmt":"2026-01-04T22:31:25","guid":{"rendered":"https:\/\/czas.m2web.pl\/?post_type=product&#038;p=9466"},"modified":"2026-01-04T23:31:38","modified_gmt":"2026-01-04T22:31:38","slug":"zestaw-bizuterii-w-puzderku-mis-bransoletka-naszyjnik-pierscionek-spinki","status":"publish","type":"product","link":"https:\/\/czas.m2web.pl\/?product=zestaw-bizuterii-w-puzderku-mis-bransoletka-naszyjnik-pierscionek-spinki","title":{"rendered":"ZESTAW BI\u017bUTERII W PUZDERKU MI\u015a BRANSOLETKA NASZYJNIK PIER\u015aCIONEK SPINKI"},"content":{"rendered":"<section class=\"section\">\n<div class=\"item item-6\">\n<section class=\"image-item\">\n            <img decoding=\"async\" src=\"https:\/\/upload.cdn.baselinker.com\/products\/3029707\/9e1e6fa1326c8f9205c91d029a7f1802.jpg\" \/><br \/>\n        <\/section>\n<\/p><\/div>\n<div class=\"item item-6\">\n<section class=\"text-item\">\n<h1>Komplet bi\u017cuterii w ozdobnym pude\u0142ku w kszta\u0142cie Misia<\/h1>\n<p>Hot Focus 175900SC\u00a0<\/p>\n<p><b>Zamykane na zatrzask przezroczyste pude\u0142ko z bi\u017cuteri\u0105.<\/b><\/p>\n<p>Mo\u017ce s\u0142u\u017cy\u0107 tak\u017ce do przechowywania bi\u017cuterii.<\/p>\n<p>Zestaw zawiera:<\/p>\n<ul>\n<li>pude\u0142ko na bi\u017cuteri\u0119 w kszta\u0142cie Misia \u015bwiec\u0105ce w ciemno\u015bci.<\/li>\n<li>1 naszyjnik<\/li>\n<li>1 bransoletk\u0119<\/li>\n<li>2 spinki do w\u0142os\u00f3w<\/li>\n<li>pier\u015bcionek<\/li>\n<\/ul>\n<p>Wymiary pude\u0142ka: 16 x 11 x 4,5 cm.<\/p>\n<p>Wiek: 5+.<\/p>\n<\/section><\/div>\n<\/section>\n<section class=\"section\">\n<div class=\"item item-12\">\n<section class=\"image-item\">\n            <img decoding=\"async\" src=\"https:\/\/upload.cdn.baselinker.com\/products\/3029707\/9e1e6fa1326c8f9205c91d029a7f1802.jpg\" \/><br \/>\n        <\/section>\n<\/p><\/div>\n<\/section>\n<section class=\"section\">\n<div class=\"item item-12\">\n<section class=\"image-item\">\n            <img decoding=\"async\" src=\"https:\/\/upload.cdn.baselinker.com\/products\/3029707\/9168188634efabe7b30f498d7ee526f0.jpg\" \/><br \/>\n        <\/section>\n<\/p><\/div>\n<\/section>\n","protected":false},"excerpt":{"rendered":"<p>Komplet bi\u017cuterii w ozdobnym pude\u0142ku w kszta\u0142cie Misia Hot Focus 175900SC\u00a0 Zamykane na zatrzask przezroczyste pude\u0142ko z bi\u017cuteri\u0105. Mo\u017ce s\u0142u\u017cy\u0107<\/p>\n","protected":false},"featured_media":9505,"comment_status":"open","ping_status":"closed","template":"","meta":[],"product_brand":[],"product_cat":[284],"product_tag":[],"class_list":{"0":"post-9466","1":"product","2":"type-product","3":"status-publish","4":"has-post-thumbnail","6":"product_cat-dla-dziewczynki","8":"first","9":"instock","10":"shipping-taxable","11":"purchasable","12":"product-type-simple"},"_links":{"self":[{"href":"https:\/\/czas.m2web.pl\/index.php?rest_route=\/wp\/v2\/product\/9466","targetHints":{"allow":["GET"]}}],"collection":[{"href":"https:\/\/czas.m2web.pl\/index.php?rest_route=\/wp\/v2\/product"}],"about":[{"href":"https:\/\/czas.m2web.pl\/index.php?rest_route=\/wp\/v2\/types\/product"}],"replies":[{"embeddable":true,"href":"https:\/\/czas.m2web.pl\/index.php?rest_route=%2Fwp%2Fv2%2Fcomments&post=9466"}],"version-history":[{"count":0,"href":"https:\/\/czas.m2web.pl\/index.php?rest_route=\/wp\/v2\/product\/9466\/revisions"}],"wp:featuredmedia":[{"embeddable":true,"href":"https:\/\/czas.m2web.pl\/index.php?rest_route=\/wp\/v2\/media\/9505"}],"wp:attachment":[{"href":"https:\/\/czas.m2web.pl\/index.php?rest_route=%2Fwp%2Fv2%2Fmedia&parent=9466"}],"wp:term":[{"taxonomy":"product_brand","embeddable":true,"href":"https:\/\/czas.m2web.pl\/index.php?rest_route=%2Fwp%2Fv2%2Fproduct_brand&post=9466"},{"taxonomy":"product_cat","embeddable":true,"href":"https:\/\/czas.m2web.pl\/index.php?rest_route=%2Fwp%2Fv2%2Fproduct_cat&post=9466"},{"taxonomy":"product_tag","embeddable":true,"href":"https:\/\/czas.m2web.pl\/index.php?rest_route=%2Fwp%2Fv2%2Fproduct_tag&post=9466"}],"curies":[{"name":"wp","href":"https:\/\/api.w.org\/{rel}","templated":true}]}}